000
CXUS55 KPUB 011758
CLMPUB
CLIMATE REPORT
NATIONAL WEATHER SERVICE
1158 AM MDT MON MAY 01 2023
...................................
...THE PUEBLO CO CLIMATE SUMMARY FOR THE MONTH OF APRIL 2023...
CLIMATE NORMAL PERIOD 1991 TO 2020
CLIMATE RECORD PERIOD 1888 TO 2023
WEATHER OBSERVED NORMAL DEPART LAST YEAR`S
VALUE DATE(S) VALUE FROM VALUE DATE(S)
NORMAL
................................................................
TEMPERATURE (F)
RECORD
HIGH 94 04/30/2020
LOW 2 04/12/1997
04/02/1975
04/08/1957
HIGHEST 90 04/12 69 21 92 04/22
LOWEST 22 04/16 30 -8 17 04/14
AVG. MAXIMUM 69.2 67.3 1.9 71.2
AVG. MINIMUM 32.1 35.3 -3.2 34.7
MEAN 50.6 51.3 -0.7 52.9
DAYS MAX >= 90 1 0.2 0.8
DAYS MAX <= 32 0 0.1 -0.1
DAYS MIN <= 32 19 12.1 6.9
DAYS MIN <= 0 0 0.0 0.0
PRECIPITATION (INCHES)
RECORD
MAXIMUM 8.13 1900
MINIMUM T 1963
TOTALS 2.33 1.57 0.76 0.51
DAILY AVG. 0.08 0.05 0.03
DAYS >= .01 5 7.0 -2.0
DAYS >= .10 3 3.8 -0.8
DAYS >= .50 2 0.8 1.2
DAYS >= 1.00 1 0.3 0.7
GREATEST
24 HR. TOTAL 2.09 04/25 TO 04/26
SNOWFALL (INCHES)
RECORDS
TOTAL 21.2 1957
TOTALS 1.7 3.4 -1.7 T
SINCE 7/1 19.1 28.3 -9.2 MM
SNOWDEPTH AVG. T
DAYS >= 1.0 1 1.0 0.0
GREATEST
SNOW DEPTH T 04/22 0
24 HR TOTAL 1.6 04/22 TO 04/22 T
DEGREE DAYS
HEATING TOTAL 426 413 13 362
SINCE 7/1 5414 5159 255 MM
COOLING TOTAL 1 2 -1 6
SINCE 1/1 1 2 -1 MM
................................................................
WIND (MPH)
AVERAGE WIND SPEED 9.4
HIGHEST WIND SPEED/DIRECTION 43/020 DATE 04/27
HIGHEST GUST SPEED/DIRECTION 58/220 DATE 04/03
SKY COVER
POSSIBLE SUNSHINE (PERCENT) MM
AVERAGE SKY COVER 0.22
NUMBER OF DAYS FAIR 20
NUMBER OF DAYS PC 8
NUMBER OF DAYS CLOUDY 2
AVERAGE RH (PERCENT) 40
WEATHER CONDITIONS. NUMBER OF DAYS WITH
THUNDERSTORM 1 MIXED PRECIP 0
HEAVY RAIN 1 RAIN 2
LIGHT RAIN 10 FREEZING RAIN 0
LT FREEZING RAIN 0 HAIL 0
HEAVY SNOW 1 SNOW 2
LIGHT SNOW 3 SLEET 0
FOG 6 FOG W/VIS <= 1/4 MILE 2
HAZE 2
- INDICATES NEGATIVE NUMBERS.
R INDICATES RECORD WAS SET OR TIED.
MM INDICATES DATA IS MISSING.
T INDICATES TRACE AMOUNT.
$$