000
CXUS51 KAKQ 042010
CLMRIC
CLIMATE REPORT
NATIONAL WEATHER SERVICE WAKEFIELD VA
410 PM EDT SAT NOV 04 2023
...................................
...THE RICHMOND VA CLIMATE SUMMARY FOR THE MONTH OF OCTOBER 2023...
CLIMATE NORMAL PERIOD: 1991 TO 2020
CLIMATE RECORD PERIOD: 1871 TO 2023
WEATHER OBSERVED NORMAL DEPART LAST YEAR`S
VALUE DATE(S) VALUE FROM VALUE DATE(S)
NORMAL
................................................................
TEMPERATURE (F)
RECORD
HIGH 99 10/06/1941
LOW 21 10/27/1962
HIGHEST 86 10/28 86 0 82 10/07
10/29
10/30
LOWEST 39 10/24 34 5 34 10/20
AVG. MAXIMUM 74.6 70.9 3.7 68.6
AVG. MINIMUM 51.2 49.0 2.2 46.8
MEAN 62.9 60.0 2.9 57.7
DAYS MAX >= 90 0 0.3 -0.3 0
DAYS MAX <= 32 0 0.0 0.0 0
DAYS MIN <= 32 0 0.3 -0.3 0
DAYS MIN <= 0 0 0.0 0.0 0
PRECIPITATION (INCHES)
RECORD
MAXIMUM 9.39 1971
MINIMUM 0.01 2000
TOTALS 1.31 3.39 -2.08 1.91
DAILY AVG. 0.04 0.11 -0.07 0.06
DAYS >= .01 7 8.1 -1.1 9
DAYS >= .10 2 5.1 -3.1 6
DAYS >= .50 1 2.2 -1.2 1
DAYS >= 1.00 0 1.0 -1.0 0
GREATEST
24 HR. TOTAL 0.62 10/20 TO 10/20
SNOWFALL (INCHES)
RECORDS
TOTAL T 1979
TOTALS 0.0
SINCE 7/1 0.0 0.0 0.0 MM
SNOWDEPTH AVG. 0 0
DAYS >= 1.0 0 0.0 0.0 0
GREATEST
SNOW DEPTH 0 0 MM
24 HR TOTAL 0.0 MM 0.0
DEGREE DAYS
HEATING TOTAL 124
SINCE 7/1 128 220 -92 MM
COOLING TOTAL 66 40 26 5
SINCE 1/1 1629 1556 73 MM
................................................................
WIND (MPH)
AVERAGE WIND SPEED 6.0
HIGHEST WIND SPEED/DIRECTION 28/010 DATE 10/30
HIGHEST GUST SPEED/DIRECTION 34/010 DATE 10/30
SKY COVER
POSSIBLE SUNSHINE (PERCENT) MM
AVERAGE SKY COVER 0.42
AVERAGE RH (PERCENT) 65
WEATHER CONDITIONS. NUMBER OF DAYS WITH
THUNDERSTORM 1 MIXED PRECIP 0
HEAVY RAIN 2 RAIN 4
LIGHT RAIN 8 FREEZING RAIN 0
LT FREEZING RAIN 0 HAIL 0
HEAVY SNOW 0 SNOW 0
LIGHT SNOW 0 SLEET 0
FOG 12 FOG W/VIS <= 1/4 MILE 3
HAZE 0
- INDICATES NEGATIVE NUMBERS.
R INDICATES RECORD WAS SET OR TIED.
MM INDICATES DATA IS MISSING.
T INDICATES TRACE AMOUNT.
$$