000
CXUS55 KREV 012101
CLMRNO
CLIMATE REPORT
NATIONAL WEATHER SERVICE RENO NV
201 PM PDT FRI SEP 01 2023
...................................
...THE RENO-TAHOE INTL AIRPORT NV CLIMATE SUMMARY FOR THE MONTH OF AUGUST 2023...
THE AVERAGE TEMPERATURE FOR AUGUST 2023 AT THE RENO-TAHOE INTERNATIONAL
AIRPORT WAS 76.2 DEGREES, WHICH IS 1.1 DEGREES ABOVE NORMAL. THE HIGHEST
TEMPERATURE FOR AUGUST WAS 98 DEGREES, WHICH OCCURRED ON THE 16TH. THE
LOWEST TEMPERATURE FOR THE MONTH WAS 55 DEGREES, WHICH OCCURRED ON THE
30TH AND 31ST.
FOR AUGUST 2023, 0.42 INCH OF PRECIPITATION WAS RECORDED AT THE
RENO-TAHOE INTERNATIONAL AIRPORT. THIS IS 0.18 INCH ABOVE NORMAL
FOR THE MONTH.
THE AVERAGE WIND SPEED FOR AUGUST 2023 WAS 5.8 MPH. THE PEAK WIND GUST
FOR THE MONTH WAS 47 MPH FROM THE SOUTH ON THE 14TH.
CLIMATE NORMAL PERIOD 1991 TO 2020
CLIMATE RECORD PERIOD 1888 TO 2023
WEATHER OBSERVED NORMAL DEPART LAST YEAR`S
VALUE DATE(S) VALUE FROM VALUE
NORMAL
..............................................................
TEMPERATURE (F)
RECORD
HIGH 105 08/06/1983
08/11/1940
LOW 24 08/29/1962
HIGHEST 98 08/16 105 -7
LOWEST 55 08/30 24 31
08/31
AVG. MAXIMUM 91.2 92.1 -0.9
AVG. MINIMUM 61.2 58.1 3.1
MEAN 76.2 75.1 1.1
DAYS MAX >= 90 25 21.8 3.2
DAYS MAX <= 32 0 0.0 0.0
DAYS MIN <= 32 0 0.0 0.0
DAYS MIN <= 0 0 0.0 0.0
PRECIPITATION (INCHES)
RECORD
MAXIMUM 1.72 2022
MINIMUM 0.00 1994
TOTALS 0.42 0.24 0.18
DAILY AVG. 0.01 0.01 0.00
DAYS >= .01 5 1.6 3.4
DAYS >= .10 2 0.7 1.3
DAYS >= .50 0 0.2 -0.2
DAYS >= 1.00 0 0.0 0.0
GREATEST
24 HR. TOTAL 0.29 08/20 TO 08/21
STORM TOTAL 0.21
(MM/DD(HH))
SNOWFALL (INCHES)
RECORDS
TOTAL T 2013
24 HR TOTAL MM
TOTALS 0.0 0.0 0.0
LIQUID EQUIV 0.00 0.00 0.00
SINCE 7/1 0.0 0.0 0.0
LIQUID 7/1 0.00
DAYS >= TRACE 0 0.0 0.0
DAYS >= 1.0 0 0.0 0.0
GREATEST
SNOW DEPTH 0
24 HR TOTAL MM
STORM TOTAL 0.0
(MM/DD(HH))
DEGREE DAYS
HEATING TOTAL 0 3 -3
SINCE 7/1 0 2 -2
COOLING TOTAL 357 316 41
SINCE 1/1 990 913 77
FREEZE DATES
RECORD
EARLIEST 08/23/1973
LATEST 06/27/1974
EARLIEST MM
LATEST 04/19
..............................................................
WIND (MPH)
AVERAGE WIND SPEED 5.8
HIGHEST WIND SPEED/DIRECTION 35/190 DATE 08/14
HIGHEST GUST SPEED/DIRECTION 47/200 DATE 08/14
AVERAGE RH (PERCENT) 37
WEATHER CONDITIONS. NUMBER OF DAYS WITH
THUNDERSTORM 6 MIXED PRECIP 0
HEAVY RAIN 0 RAIN 1
LIGHT RAIN 9 FREEZING RAIN 0
LT FREEZING RAIN 0 HAIL 0
HEAVY SNOW 0 SNOW 0
LIGHT SNOW 0 SLEET 0
FOG 0 FOG W/VIS <= 1/4 MILE 0
HAZE 1
- INDICATES NEGATIVE NUMBERS.
R INDICATES RECORD WAS SET OR TIED.
MM INDICATES DATA IS MISSING.
T INDICATES TRACE AMOUNT.
$$