000
CXUS53 KARX 010650
CLMRST
CLIMATE REPORT
NATIONAL WEATHER SERVICE LA CROSSE WI
150 AM CDT TUE AUG 01 2023
...................................
...THE ROCHESTER MN CLIMATE SUMMARY FOR THE MONTH OF JULY 2023...
CLIMATE NORMAL PERIOD 1991 TO 2020
CLIMATE RECORD PERIOD 1886 TO 2023
WEATHER OBSERVED NORMAL DEPART LAST YEAR`S
VALUE DATE(S) VALUE FROM VALUE DATE(S)
NORMAL
................................................................
TEMPERATURE (F)
RECORD
HIGH 108 07/14/1936
LOW 40 07/17/1911
HIGHEST 89 07/27 89 07/05
LOWEST 46 07/07 53 07/25
07/29
AVG. MAXIMUM 80.7 80.3 0.4 80.8
AVG. MINIMUM 58.2 60.8 -2.6 61.2
MEAN 69.4 70.5 -1.1 71.0
DAYS MAX >= 90 0 1.8 -1.8 0
DAYS MAX <= 32 0 0.0 0.0 0
DAYS MIN <= 32 0 0.0 0.0 0
DAYS MIN <= 0 0 0.0 0.0 0
PRECIPITATION (INCHES)
RECORD
MAXIMUM 12.33 1978
TOTALS 2.18 4.19 -2.01 5.01
DAYS >= .01 5 10.5 -5.5 11
DAYS >= .10 3 6.8 -3.8 6
DAYS >= .50 2 3.0 -1.0 2
DAYS >= 1.00 1 1.1 -0.1 1
GREATEST
24 HR. TOTAL 1.04 07/22 TO 07/22 3.09 07/23 TO 07/23
SNOWFALL (INCHES)
RECORDS
TOTAL 0.0 2020
SNOW DEPTH 0 07/31/2020
TOTALS 0.0 0.0 0.0 0.0
SINCE 7/1 0.0 0.0 0.0 MM
SNOWDEPTH AVG. 0 0
DAYS >= TRACE 0 0.0 0.0 0
DAYS >= 1.0 0 0.0 0.0 0
GREATEST
SNOW DEPTH 0 0 MM
DEGREE DAYS
HEATING TOTAL 16 14 2 3
SINCE 7/1 16 1 15 MM
COOLING TOTAL 161 186 -25 198
SINCE 1/1 373 346 27 MM
................................................................
WIND (MPH)
AVERAGE WIND SPEED 7.7
HIGHEST WIND SPEED/DIRECTION 36/330 DATE 07/26
HIGHEST GUST SPEED/DIRECTION 59/360 DATE 07/26
AVERAGE RH (PERCENT) 73
WEATHER CONDITIONS. NUMBER OF DAYS WITH
THUNDERSTORM 10 MIXED PRECIP 0
HEAVY RAIN 3 RAIN 3
LIGHT RAIN 10 FREEZING RAIN 0
LT FREEZING RAIN 0 HAIL 0
HEAVY SNOW 0 SNOW 0
LIGHT SNOW 0 SLEET 0
FOG 10 FOG W/VIS <= 1/4 MILE 2
HAZE 2
- INDICATES NEGATIVE NUMBERS.
R INDICATES RECORD WAS SET OR TIED.
MM INDICATES DATA IS MISSING.
T INDICATES TRACE AMOUNT.
$$