000
CXUS56 KSGX 011912
CLMSAN
CLIMATE REPORT
NATIONAL WEATHER SERVICE SAN DIEGO, CA
1112 AM PST FRI DEC 01 2023
...................................
...THE SAN DIEGO INTL AIRPORT CA CLIMATE SUMMARY FOR THE MONTH OF NOVEMBER 2023...
CLIMATE NORMAL PERIOD: 1991 TO 2020
CLIMATE RECORD PERIOD: 1874 TO 2023
WEATHER OBSERVED NORMAL DEPART LAST YEAR`S
VALUE DATE(S) VALUE FROM VALUE DATE(S)
NORMAL
................................................................
TEMPERATURE (F)
RECORD
HIGH 100 11/04/2010
LOW 36 11/28/1919
HIGHEST 85 11/01 70 15 82 11/24
LOWEST 44 11/10 54 -10 42 11/17
11/11
AVG. MAXIMUM 72.8 70.7 2.1 69.0
AVG. MINIMUM 50.8 54.8 -4.0 48.8
MEAN 61.8 62.7 -0.9 58.9
DAYS MAX >= 90 0 0.3 -0.3 0
DAYS MAX <= 32 0 0.0 0.0 0
DAYS MAX >= 45 30 30
DAYS MIN <= 32 0 0.0 0.0 0
PRECIPITATION (INCHES)
RECORD
MAXIMUM 5.82 1965
MINIMUM 0.00 1980
TOTALS 0.61 0.79 -0.18 1.07
DAILY AVG. 0.02 0.03 -0.01 0.04
DAYS >= .01 6 3.7 2.3 4
DAYS >= .10 4 1.9 2.1 2
DAYS >= .50 0 0.5 -0.5 1
DAYS >= 1.00 0 0.2 -0.2 0
DAYS >= %-5.2F 0 0
DAYS >= %-5.2F 0 0
GREATEST
24 HR. TOTAL 0.26 11/29 TO 11/30 0.90 11/08 TO 11/09
STORM TOTAL 0.20 0.84
(MM/DD(HH)) MM
DEGREE DAYS
HEATING TOTAL 92 93 -1 174
SINCE 7/1 96 104 -8 MM
COOLING TOTAL 6 26 -20 1
SINCE 1/1 707 893 -186 MM
FREEZE DATES
RECORD
EARLIEST MM
LATEST MM
EARLIEST MM
LATEST MM
................................................................
WIND (MPH)
AVERAGE WIND SPEED 3.3
RESULTANT WIND SPEED/DIRECTION 1/290
HIGHEST WIND SPEED/DIRECTION 24/190 DATE 11/15
HIGHEST GUST SPEED/DIRECTION 34/190 DATE 11/15
SKY COVER
POSSIBLE SUNSHINE (PERCENT) MM
AVERAGE SKY COVER 0.40
NUMBER OF DAYS FAIR 13
NUMBER OF DAYS PC 14
NUMBER OF DAYS CLOUDY 3
AVERAGE RH (PERCENT) 60
WEATHER CONDITIONS. NUMBER OF DAYS WITH
THUNDERSTORM 1 MIXED PRECIP 0
HEAVY RAIN 1 RAIN 2
LIGHT RAIN 6 FREEZING RAIN 0
LT FREEZING RAIN 0 HAIL 0
HEAVY SNOW 0 SNOW 0
LIGHT SNOW 0 SLEET 0
FOG 15 FOG W/VIS <= 1/4 MILE 2
HAZE 8
- INDICATES NEGATIVE NUMBERS.
R INDICATES RECORD WAS SET OR TIED.
MM INDICATES DATA IS MISSING.
T INDICATES TRACE AMOUNT.
$$