000
CXUS51 KBTV 011342
CLMSLK
CLIMATE REPORT
NATIONAL WEATHER SERVICE BURLINGTON VT
842 AM EST MON JAN 01 2024
...................................
...THE SARANAC LAKE NY CLIMATE SUMMARY FOR THE MONTH OF DECEMBER 2023...
CLIMATE NORMAL PERIOD: 1991 TO 2020
CLIMATE RECORD PERIOD: 1903 TO 2023
WEATHER OBSERVED NORMAL DEPART LAST YEAR`S
VALUE DATE(S) VALUE FROM VALUE DATE(S)
NORMAL
................................................................
TEMPERATURE (F)
RECORD
HIGH 64
LOW -28
HIGHEST 50 12/10 MM MM 51 12/30
LOWEST -2 12/14 MM MM -5 12/13
AVG. MAXIMUM 36.3 30.2 6.1 32.9
AVG. MINIMUM 21.9 11.2 10.7 18.1
MEAN 29.1 20.7 8.4 25.5
DAYS MAX >= 90 0 0.0 0.0 0
DAYS MAX <= 32 9 18.5 -9.5 17
DAYS MIN <= 32 26 29.7 -3.7 28
DAYS MIN <= 0 2 8.1 -6.1 2
PRECIPITATION (INCHES)
RECORD
MAXIMUM 7.34 1983
MINIMUM 0.10 1937
TOTALS 4.33 2.20 2.13 2.56
DAILY AVG. 0.14 0.07 0.07 0.08
DAYS >= .01 19 17.6 1.4 14
DAYS >= .10 8 6.5 1.5 7
DAYS >= .50 2 1.0 1.0 2
DAYS >= 1.00 1 0.0 1.0 0
GREATEST
24 HR. TOTAL 2.13 12/17 TO 12/18 0.82 12/23 TO 12/24
STORM TOTAL 2.00 0.82
(MM/DD(HH)) MM
DEGREE DAYS
HEATING TOTAL 1105 1373 -268 1217
SINCE 7/1 3097 3591 -494 MM
COOLING TOTAL 0 0 0 0
SINCE 1/1 145 120 25 MM
................................................................
WIND (MPH)
AVERAGE WIND SPEED 4.1
HIGHEST WIND SPEED/DIRECTION 23/210 DATE 12/12
HIGHEST GUST SPEED/DIRECTION 29/160 DATE 12/17
SKY COVER
POSSIBLE SUNSHINE (PERCENT) MM
AVERAGE SKY COVER 0.82
NUMBER OF DAYS FAIR 3
NUMBER OF DAYS PC 4
NUMBER OF DAYS CLOUDY 24
AVERAGE RH (PERCENT) 85
WEATHER CONDITIONS. NUMBER OF DAYS WITH
THUNDERSTORM 0 MIXED PRECIP 0
HEAVY RAIN 0 RAIN 1
LIGHT RAIN 10 FREEZING RAIN 0
LT FREEZING RAIN 1 HAIL 0
HEAVY SNOW 1 SNOW 3
LIGHT SNOW 15 SLEET 0
FOG 29 FOG W/VIS <= 1/4 MILE 6
HAZE 3
- INDICATES NEGATIVE NUMBERS.
R INDICATES RECORD WAS SET OR TIED.
MM INDICATES DATA IS MISSING.
T INDICATES TRACE AMOUNT.
$$