000
CXUS56 KSGX 011912
CLMSNA
CLIMATE REPORT
NATIONAL WEATHER SERVICE SAN DIEGO, CA
1112 AM PST FRI DEC 01 2023
...................................
...THE JOHN WAYNE AIRPORT CA CLIMATE SUMMARY FOR THE MONTH OF NOVEMBER 2023...
CLIMATE NORMAL PERIOD: 1991 TO 2020
CLIMATE RECORD PERIOD: 1999 TO 2023
WEATHER OBSERVED NORMAL DEPART LAST YEAR`S
VALUE DATE(S) VALUE FROM VALUE DATE(S)
NORMAL
................................................................
TEMPERATURE (F)
RECORD
HIGH 104 11/04/2023
LOW 37 11/30/2004
HIGHEST 87 11/01 71 16 82 11/24
LOWEST 49 11/11 52 -3 48 11/11
11/12
11/23
AVG. MAXIMUM 76.1 71.9 4.2 71.9
AVG. MINIMUM 55.1 53.3 1.8 52.4
MEAN 65.6 62.6 3.0 62.2
DAYS MAX >= 90 0 1.0 -1.0 0
DAYS MAX <= 32 0 0.0 0.0 0
DAYS MAX >= 45 30 30
DAYS MIN <= 32 0 0.0 0.0 0
PRECIPITATION (INCHES)
RECORD
MAXIMUM 2.32 2019
MINIMUM 0.00 2021
TOTALS 0.53 0.80 -0.27 1.24
DAILY AVG. 0.02 0.03 -0.01 0.04
DAYS >= .01 2 4.7 -2.7 4
DAYS >= .10 1 1.9 -0.9 2
DAYS >= .50 1 0.3 0.7 1
DAYS >= 1.00 0 0.1 -0.1 0
DAYS >= %-5.2F 0 0
DAYS >= %-5.2F 0 0
GREATEST
24 HR. TOTAL 0.51 11/15 TO 11/15 1.01 11/08 TO 11/09
STORM TOTAL 0.51 0.96
(MM/DD(HH)) MM
DEGREE DAYS
HEATING TOTAL 24 104 -80 88
SINCE 7/1 24 128 -104 MM
COOLING TOTAL 47 32 15 10
SINCE 1/1 1094 1073 21 MM
FREEZE DATES
RECORD
EARLIEST MM
LATEST MM
EARLIEST MM
LATEST MM
................................................................
WIND (MPH)
AVERAGE WIND SPEED 4.4
RESULTANT WIND SPEED/DIRECTION 1/130
HIGHEST WIND SPEED/DIRECTION 35/060 DATE 11/20
HIGHEST GUST SPEED/DIRECTION 48/060 DATE 11/20
SKY COVER
POSSIBLE SUNSHINE (PERCENT) MM
AVERAGE SKY COVER 0.31
NUMBER OF DAYS FAIR 17
NUMBER OF DAYS PC 13
NUMBER OF DAYS CLOUDY 0
AVERAGE RH (PERCENT) 51
WEATHER CONDITIONS. NUMBER OF DAYS WITH
THUNDERSTORM 1 MIXED PRECIP 0
HEAVY RAIN 1 RAIN 1
LIGHT RAIN 3 FREEZING RAIN 0
LT FREEZING RAIN 0 HAIL 0
HEAVY SNOW 0 SNOW 0
LIGHT SNOW 0 SLEET 0
FOG 5 FOG W/VIS <= 1/4 MILE 2
HAZE 6
- INDICATES NEGATIVE NUMBERS.
R INDICATES RECORD WAS SET OR TIED.
MM INDICATES DATA IS MISSING.
T INDICATES TRACE AMOUNT.
$$