000
CXAK58 PASN 010958
CLMSNP
CLIMATE REPORT
NATIONAL WEATHER SERVICE ANCHORAGE, AK
158 AM AKDT SAT APR 01 2023
...................................
...THE SAINT PAUL ISLAND CLIMATE SUMMARY FOR THE MONTH OF MARCH 2023...
CLIMATE NORMAL PERIOD: 1991 TO 2020
CLIMATE RECORD PERIOD: 1892 TO 2023
WEATHER OBSERVED NORMAL DEPART LAST YEAR`S
VALUE DATE(S) VALUE FROM VALUE
NORMAL
..............................................................
TEMPERATURE (F)
RECORD
HIGH 50 MM
LOW 4 03/10/2020
HIGHEST 40 MM MM 38
LOWEST 10 MM MM 8
AVG. MAXIMUM 33.7 29.5 4.2 29.1
AVG. MINIMUM 24.9 20.8 4.1 20.7
MEAN 29.3 25.1 4.2 24.9
DAYS MAX >= 90 0 0.0 0.0 0
DAYS MAX <= 32 12 16.8 -4.8 18
DAYS MIN <= 32 26 28.6 -2.6 31
DAYS MIN <= 0 0 1.6 -1.6 0
PRECIPITATION (INCHES)
RECORD
MAXIMUM 2.48 2021
MINIMUM 0.32 2022
TOTALS 1.97 1.29 0.68 0.32
DAILY AVG. 0.06 0.04 0.02 0.01
DAYS >= .01 21 14.0 7.0 8
DAYS >= .10 8 4.0 4.0 0
DAYS >= .50 0 0.2 -0.2 0
DAYS >= 1.00 0 0.0 0.0 0
GREATEST
24 HR. TOTAL 0.50 03/25 TO 03/26 0.17
STORM TOTAL 0.43 0.09
(MM/DD(HH))
DEGREE DAYS
HEATING TOTAL 1102 1235 -133 1234
SINCE 7/1 7546 8000 -454 MM
COOLING TOTAL 0 0 0 0
SINCE 1/1 0 0 0 MM
FREEZE DATES
RECORD
EARLIEST MM
LATEST MM
EARLIEST 09/25
LATEST 06/01
..............................................................
WIND (MPH)
AVERAGE WIND SPEED 17.3
RESULTANT WIND SPEED/DIRECTION 3/280
HIGHEST WIND SPEED/DIRECTION 51/210 DATE 03/19
51/240 03/20
HIGHEST GUST SPEED/DIRECTION 67/230 DATE 03/20
SKY COVER
POSSIBLE SUNSHINE (PERCENT) MM
AVERAGE SKY COVER 0.82
NUMBER OF DAYS FAIR 1
NUMBER OF DAYS PC 9
NUMBER OF DAYS CLOUDY 21
AVERAGE RH (PERCENT) 83
WEATHER CONDITIONS. NUMBER OF DAYS WITH
THUNDERSTORM 0 MIXED PRECIP 0
HEAVY RAIN 0 RAIN 1
LIGHT RAIN 7 FREEZING RAIN 0
LT FREEZING RAIN 0 HAIL 0
HEAVY SNOW 3 SNOW 5
LIGHT SNOW 26 SLEET 0
FOG 26 FOG W/VIS <= 1/4 MILE 6
HAZE 9
- INDICATES NEGATIVE NUMBERS.
R INDICATES RECORD WAS SET OR TIED.
MM INDICATES DATA IS MISSING.
T INDICATES TRACE AMOUNT.
$$