000
CXAK58 PASN 011310
CLMSNP
CLIMATE REPORT
NATIONAL WEATHER SERVICE ANCHORAGE, AK
410 AM AKST FRI DEC 01 2023
...................................
...THE SAINT PAUL ISLAND CLIMATE SUMMARY FOR THE MONTH OF NOVEMBER 2023...
CLIMATE NORMAL PERIOD: 1991 TO 2020
CLIMATE RECORD PERIOD: 1892 TO 2023
WEATHER OBSERVED NORMAL DEPART LAST YEAR`S
VALUE DATE(S) VALUE FROM VALUE
NORMAL
..............................................................
TEMPERATURE (F)
RECORD
HIGH 48 11/09/1979
11/07/1979
11/06/1979
LOW 4 11/26/2008
11/26/1988
HIGHEST 48R MM MM 44
LOWEST 13 MM MM 24
AVG. MAXIMUM 40.3 37.7 2.6 39.0
AVG. MINIMUM 32.2 30.1 2.1 33.2
MEAN 36.2 33.9 2.3 36.1
DAYS MAX >= 90 0 0.0 0.0 0
DAYS MAX <= 32 1 4.0 -3.0 1
DAYS MIN <= 32 13 18.2 -5.2 13
DAYS MIN <= 0 0 0.0 0.0 0
PRECIPITATION (INCHES)
RECORD
MAXIMUM 7.93 2017
MINIMUM 0.67 1939
TOTALS 2.72 2.97 -0.25 2.60
DAILY AVG. 0.09 0.10 -0.01 0.10
DAYS >= .01 25 23.0 2.0 19
DAYS >= .10 9 9.4 -0.4 10
DAYS >= .50 0 0.8 -0.8 1
DAYS >= 1.00 0 0.1 -0.1 0
GREATEST
24 HR. TOTAL 0.53 11/01 TO 11/02 0.97
STORM TOTAL 0.38 0.72
(MM/DD(HH))
DEGREE DAYS
HEATING TOTAL 856 933 -77 859
SINCE 7/1 3124 3304 -180 MM
COOLING TOTAL 0 0 0 0
SINCE 1/1 0 0 0 MM
FREEZE DATES
RECORD
EARLIEST MM
LATEST MM
EARLIEST 09/10
LATEST 06/01
..............................................................
WIND (MPH)
AVERAGE WIND SPEED 18.4
RESULTANT WIND SPEED/DIRECTION 3/270
HIGHEST WIND SPEED/DIRECTION 46/210 DATE 11/15
SKY COVER
POSSIBLE SUNSHINE (PERCENT) MM
AVERAGE SKY COVER 0.82
NUMBER OF DAYS FAIR 1
NUMBER OF DAYS PC 9
NUMBER OF DAYS CLOUDY 20
AVERAGE RH (PERCENT) 82
WEATHER CONDITIONS. NUMBER OF DAYS WITH
THUNDERSTORM 0 MIXED PRECIP 0
HEAVY RAIN 1 RAIN 4
LIGHT RAIN 18 FREEZING RAIN 0
LT FREEZING RAIN 0 HAIL 0
HEAVY SNOW 0 SNOW 4
LIGHT SNOW 16 SLEET 0
FOG 27 FOG W/VIS <= 1/4 MILE 1
HAZE 12
- INDICATES NEGATIVE NUMBERS.
R INDICATES RECORD WAS SET OR TIED.
MM INDICATES DATA IS MISSING.
T INDICATES TRACE AMOUNT.
$$