000
CXUS54 KOUN 011520
CLMSPS
CLIMATE REPORT
NATIONAL WEATHER SERVICE NORMAN OK
920 AM CST THU FEB 01 2024
...................................
...THE WICHITA FALLS CLIMATE SUMMARY FOR THE MONTH OF JANUARY 2024...
CLIMATE NORMAL PERIOD 1991 TO 2020
CLIMATE RECORD PERIOD 1897 TO 2024
WEATHER OBSERVED NORMAL DEPART LAST YEAR`S
VALUE DATE(S) VALUE FROM VALUE
NORMAL
..............................................................
TEMPERATURE (F)
RECORD
HIGH 87 01/08/1969
01/23/1943
LOW -12 01/04/1947
HIGHEST 73 76 -3 82
LOWEST 5 13 -8 20
AVG. MAXIMUM 49.7 54.7 -5.0 60.4
AVG. MINIMUM 27.7 30.0 -2.3 34.6
MEAN 38.7 42.4 -3.7 47.5
DAYS MAX >= 90 0 0.0 0.0 0
DAYS MAX <= 32 4 1.5 2.5 2
DAYS MIN <= 32 20 18.4 1.6 14
DAYS MIN <= 0 0 0.0 0.0 0
PRECIPITATION (INCHES)
RECORD
MAXIMUM 4.48 1968
MINIMUM 0.00 1914
1986
TOTALS 2.74 1.20 1.54 1.21
DAILY AVG. 0.09 0.04 0.05 0.04
DAYS >= .01 8 4.6 3.4 4
DAYS >= .10 4 2.5 1.5 2
DAYS >= .50 1 0.8 0.2 1
DAYS >= 1.00 1 0.2 0.8 1
GREATEST
24 HR. TOTAL 1.55 01/26 TO 01/27
SNOWFALL (INCHES)
TOTALS 0.0 0.7 -0.7
SINCE 7/1 0.0 1.8 -1.8
DEGREE DAYS
HEATING TOTAL 808 703 105
SINCE 7/1 1765 1866 -101
..............................................................
WIND (MPH)
AVERAGE WIND SPEED 10.4
HIGHEST WIND SPEED/DIRECTION 40/310 DATE 01/08
HIGHEST GUST SPEED/DIRECTION 58/310 DATE 01/08
WEATHER CONDITIONS. NUMBER OF DAYS WITH
THUNDERSTORM 1 MIXED PRECIP 0
HEAVY RAIN 1 RAIN 3
LIGHT RAIN 8 FREEZING RAIN 0
LT FREEZING RAIN 2 HAIL 0
HEAVY SNOW 0 SNOW 0
LIGHT SNOW 0 SLEET 0
FOG 10 FOG W/VIS <= 1/4 MILE 3
HAZE 0
- INDICATES NEGATIVE NUMBERS.
R INDICATES RECORD WAS SET OR TIED.
MM INDICATES DATA IS MISSING.
T INDICATES TRACE AMOUNT.
................................................................
RECORDS/REMARKS
NEW RECORD COLD MAXIMUM TEMPERATURE OF 15 DEGREES SET ON JAN 14.
NEW RECORD LOW TEMPERATURE OF 7 DEGREES SET ON JAN 14.
NEW RECORD COLD MAXIMUM TEMPERATURE OF 23 DEGREES SET ON JAN 15.
TIED RECORD LOW TEMPERATURE OF 7 DEGREES ON JAN 15.
NEW RECORD LOW TEMPERATURE OF 5 DEGREES SET ON JAN 16.
NEW RECORD DAILY RAINFALL OF 1.29 INCHES SET ON JAN 26.
SIXTH WETTEST JAN ON RECORD.
2024 TOTAL PRECIPITATION IS 2.74 INCHES.
$$