000
CXUS56 KPQR 011633
CLMTTD
CLIMATE REPORT
NATIONAL WEATHER SERVICE PORTLAND OREGON
833 AM PST FRI DEC 01 2023
...................................
...THE TROUTDALE OR CLIMATE SUMMARY FOR THE MONTH OF NOVEMBER 2023...
CLIMATE NORMAL PERIOD 1991 TO 2020
CLIMATE RECORD PERIOD 1948 TO 2023
WEATHER OBSERVED NORMAL DEPART LAST YEAR`S
VALUE DATE(S) VALUE FROM VALUE DATE(S)
NORMAL
................................................................
TEMPERATURE (F)
HIGHEST 68 60 11/04
LOWEST 33 28 11/09
11/13
AVG. MAXIMUM 56.0 52.6 3.4 49.0
AVG. MINIMUM 43.2 41.6 1.6 37.6
MEAN 49.6 47.1 2.5 43.3
DAYS MAX >= 90 0 0.0 0.0 0
DAYS MAX <= 32 0 0.1 -0.1 0
DAYS MIN <= 32 0 3.0 -3.0 4
DAYS MIN <= 0 0 0.0 0.0 0
PRECIPITATION (INCHES)
RECORD
MAXIMUM 7.44 2021
MINIMUM 5.07 2020
TOTALS 5.85 5.83 0.02 5.46
DAYS >= .01 18 18.3 -0.3 13
DAYS >= .10 13 13.1 -0.1 11
DAYS >= .50 4 3.8 0.2 4
DAYS >= 1.00 0 0.9 -0.9 1
GREATEST
24 HR. TOTAL 1.37 11/03 TO 11/04
DEGREE DAYS
HEATING TOTAL 454 537 -83 643
SINCE 7/1 731 943 -212 MM
COOLING TOTAL 0 0 0 0
SINCE 1/1 800 427 MM
................................................................
WIND (MPH)
AVERAGE WIND SPEED 10.0
RESULTANT WIND SPEED/DIRECTION 8/100
HIGHEST WIND SPEED/DIRECTION 31/090 DATE 11/27
HIGHEST GUST SPEED/DIRECTION 40/090 DATE 11/21
40/090 11/26
SKY COVER
POSSIBLE SUNSHINE (PERCENT) MM
AVERAGE SKY COVER 0.55
NUMBER OF DAYS FAIR 8
NUMBER OF DAYS PC 11
NUMBER OF DAYS CLOUDY 11
AVERAGE RH (PERCENT) 69
WEATHER CONDITIONS. NUMBER OF DAYS WITH
THUNDERSTORM 1 MIXED PRECIP 0
HEAVY RAIN 3 RAIN 7
LIGHT RAIN 18 FREEZING RAIN 0
LT FREEZING RAIN 0 HAIL 0
HEAVY SNOW 0 SNOW 0
LIGHT SNOW 0 SLEET 0
FOG 19 FOG W/VIS <= 1/4 MILE 7
HAZE 7
- INDICATES NEGATIVE NUMBERS.
R INDICATES RECORD WAS SET OR TIED.
MM INDICATES DATA IS MISSING.
T INDICATES TRACE AMOUNT.
$$