000
CXUS54 KTSA 011200
CLMTUL
CLIMATE REPORT
NATIONAL WEATHER SERVICE TULSA OK
830 AM CST FRI DEC 01 2023
...................................
...THE TULSA OKLAHOMA CLIMATE SUMMARY FOR THE MONTH OF NOVEMBER 2023...
CLIMATE NORMAL PERIOD 1991 TO 2020
CLIMATE RECORD PERIOD 1882 TO 2023
WEATHER OBSERVED NORMAL DEPART LAST YEAR`S
VALUE DATE(S) VALUE FROM VALUE DATE(S)
NORMAL
................................................................
TEMPERATURE (F)
RECORD
HIGH 89 11/02/1909
LOW 10 11/29/1976
HIGHEST 86 11/08 60 26 79 11/01
LOWEST 23 11/01 39 -16 19 11/20
AVG. MAXIMUM 64.6 61.4 3.2 59.3
AVG. MINIMUM 39.4 39.4 0.0 37.6
MEAN 52.0 50.4 1.6 48.5
DAYS MAX >= 90 0 0.0 0.0 0
DAYS MAX <= 32 0 0.2 -0.2 0
DAYS MIN <= 32 8 8.0 0.0 12
DAYS MIN <= 0 0 0.0 0.0 0
PRECIPITATION (INCHES)
RECORD
MAXIMUM 8.29 1931
MINIMUM T 1910
TOTALS 0.91 2.66 -1.75 2.80
DAILY AVG. 0.03 0.09 -0.06 0.09
DAYS >= .01 5 6.7 -1.7 10
DAYS >= .10 3 4.2 -1.2 7
DAYS >= .50 0 1.8 -1.8 2
DAYS >= 1.00 0 0.6 -0.6 1
GREATEST
24 HR. TOTAL 0.45 11/30 TO 11/30
SNOWFALL (INCHES)
RECORDS
TOTAL 10.5 2006
TOTALS T 0.8 -0.8 0.3
SINCE 7/1 T 0.8 -0.8 0.3
SNOWDEPTH AVG. 0 0
DAYS >= 1.0 0 0.2 -0.2 0
GREATEST
SNOW DEPTH 0 0 MM
24 HR TOTAL MM
DEGREE DAYS
HEATING TOTAL 401 446 -45 500
SINCE 7/1 572 623 -51 MM
COOLING TOTAL 19 8 11 11
SINCE 1/1 2314 2127 187 MM
................................................................
WIND (MPH)
AVERAGE WIND SPEED 8.0
HIGHEST WIND SPEED/DIRECTION 24/170 DATE 11/16
24/340 11/21
HIGHEST GUST SPEED/DIRECTION 34/130 DATE 11/20
SKY COVER
POSSIBLE SUNSHINE (PERCENT) MM
AVERAGE SKY COVER 0.41
NUMBER OF DAYS FAIR 13
NUMBER OF DAYS PC 11
NUMBER OF DAYS CLOUDY 6
AVERAGE RH (PERCENT) 63
WEATHER CONDITIONS. NUMBER OF DAYS WITH
THUNDERSTORM 2 MIXED PRECIP 0
HEAVY RAIN 1 RAIN 2
LIGHT RAIN 5 FREEZING RAIN 0
LT FREEZING RAIN 0 HAIL 0
HEAVY SNOW 0 SNOW 0
LIGHT SNOW 1 SLEET 0
FOG 7 FOG W/VIS <= 1/4 MILE 0
HAZE 2
- INDICATES NEGATIVE NUMBERS.
R INDICATES RECORD WAS SET OR TIED.
MM INDICATES DATA IS MISSING.
T INDICATES TRACE AMOUNT.
$$