000
CXUS52 KTAE 011335
CLMVLD
CLIMATE REPORT
NATIONAL WEATHER SERVICE TALLAHASSEE FL
935 AM EDT SAT JUL 01 2023
...................................
...THE VALDOSTA CLIMATE SUMMARY FOR THE MONTH OF JUNE 2023...
CLIMATE NORMAL PERIOD 1991 TO 2020
CLIMATE RECORD PERIOD 1948 TO 2023
WEATHER OBSERVED NORMAL DEPART LAST YEAR`S
VALUE DATE(S) VALUE FROM VALUE DATE(S)
NORMAL
................................................................
TEMPERATURE (F)
HIGHEST 96 06/27 90 6 102 06/23
LOWEST 61 06/02 MM MM 65 06/01
06/06
06/27
AVG. MAXIMUM 90.2 90.1 0.1 94.0
AVG. MINIMUM 68.8 67.9 0.9 70.6
MEAN 79.5 0.5 82.3
DAYS MAX >= 90 19 20.6 -1.6 28
DAYS MAX <= 32 0 0.0 0.0 0
DAYS MIN <= 32 0 0.0 0.0 0
DAYS MIN <= 0 0 0.0 0.0 0
PRECIPITATION (INCHES)
TOTALS 10.72 6.75
SNOWFALL (INCHES)
TOTALS MM
DEGREE DAYS
HEATING TOTAL 0 0 0 0
SINCE 7/1 1009 1650 -641 MM
COOLING TOTAL 441 420 21 528
SINCE 1/1 1142 839 303 MM
................................................................
WIND (MPH)
AVERAGE WIND SPEED 3.7
HIGHEST WIND SPEED/DIRECTION 30/010 DATE 06/15
HIGHEST GUST SPEED/DIRECTION 40/010 DATE 06/15
SKY COVER
POSSIBLE SUNSHINE (PERCENT) MM
AVERAGE SKY COVER 0.31
NUMBER OF DAYS FAIR 17
NUMBER OF DAYS PC 13
NUMBER OF DAYS CLOUDY 0
AVERAGE RH (PERCENT) 73
WEATHER CONDITIONS. NUMBER OF DAYS WITH
THUNDERSTORM 16 MIXED PRECIP 0
HEAVY RAIN 11 RAIN 9
LIGHT RAIN 15 FREEZING RAIN 0
LT FREEZING RAIN 0 HAIL 0
HEAVY SNOW 0 SNOW 0
LIGHT SNOW 0 SLEET 0
FOG 21 FOG W/VIS <= 1/4 MILE 5
HAZE 7
- INDICATES NEGATIVE NUMBERS.
R INDICATES RECORD WAS SET OR TIED.
MM INDICATES DATA IS MISSING.
T INDICATES TRACE AMOUNT.
$$