521
NZUS97 KBTV 160700
CF66B0
PRELIMINARY LOCAL CLIMATOLOGICAL DATA (WS FORM: F-6)
STATION: MIDDLEBURY STATE AIRPORT
MONTH: APRIL
YEAR: 2021
LATITUDE: 43 59 N
LONGITUDE: 73 6 W
TEMPERATURE IN F: :PCPN: SNOW: WIND :SUNSHINE: SKY :PK WND
================================================================================
1 2 3 4 5 6A 6B 7 8 9 10 11 12 13 14 15 16 17 18
12Z AVG MX 2MIN
DY MAX MIN AVG DEP HDD CDD WTR SNW DPTH SPD SPD DIR MIN PSBL S-S WX SPD DR
================================================================================
1 39 23 31 M 34 0 0.14 M M 8.9 17 360 M M 10 28 340
2 33 20 27 M 38 0 0.00 M M 7.4 13 10 M M 9 21 340
3 46 15 31 M 34 0 0.00 M M 0.7 5 270 M M 0 M M
4 52 25 39 M 26 0 0.00 M M 3.6 15 10 M M 4 23 10
5 53 36 45 M 20 0 0.00 M M 9.5 18 360 M M 0 29 340
6 56 31 44 M 21 0 0.00 M M 6.4 16 10 M M 0 22 10
7 61 36 49 M 16 0 0.00 M M 5.0 13 330 M M 3 23 340
8 71 36 54 M 11 0 0.00 M M 1.0 5 140 M M 0 M M
9 74 47 61 M 4 0 0.00 M M 5.5 10 250 M M 0 16 250
10 73 52 63 M 2 0 0.00 M M 3.0 10 180 M M 1 17 180
11 72 45 59 M 6 0 0.00 M M 5.1 14 110 M M 2 26 110
12 62 49 56 M 9 0 0.00 M M 7.3 12 180 M M 4 20 190
13 65 34 50 M 15 0 0.00 M M 3.9 10 320 M M 4 17 310
14 69 46 58 M 7 0 0.00 M M 1.0 5 360 M M 7 M M
15 55 37 46 M 19 0 0.56 M M 9.8 20 110 M M 10 35 110
================================================================================
SM 881 532 262 0 0.70 M 78.1 M 54
================================================================================
AV 58.7 35.5 5.2 FASTST M M 4 MAX(MPH)
MISC ----> 20 110 35 110
================================================================================
NOTES:
# LAST OF SEVERAL OCCURRENCES
COLUMN 17 PEAK WIND IN M.P.H.
PRELIMINARY LOCAL CLIMATOLOGICAL DATA (WS FORM: F-6) , PAGE 2
STATION: MIDDLEBURY STATE AIRPORT
MONTH: APRIL
YEAR: 2021
LATITUDE: 43 59 N
LONGITUDE: 73 6 W
[TEMPERATURE DATA] [PRECIPITATION DATA] SYMBOLS USED IN COLUMN 16
AVERAGE MONTHLY: 47.1 TOTAL FOR MONTH: 0.70 1 = FOG OR MIST
DPTR FM NORMAL: 0.0 DPTR FM NORMAL: 0.70 2 = FOG REDUCING VISIBILITY
HIGHEST: 74 ON 9 GRTST 24HR 0.56 ON 15-15 TO 1/4 MILE OR LESS
LOWEST: 15 ON 3 3 = THUNDER
SNOW, ICE PELLETS, HAIL 4 = ICE PELLETS
TOTAL MONTH: M 5 = HAIL
GRTST 24HR M ON M 6 = FREEZING RAIN OR DRIZZLE
GRTST DEPTH: M ON M 7 = DUSTSTORM OR SANDSTORM:
VSBY 1/2 MILE OR LESS
8 = SMOKE OR HAZE
[NO. OF DAYS WITH] [WEATHER - DAYS WITH] 9 = BLOWING SNOW
X = TORNADO
MAX 32 OR BELOW: 0 0.01 INCH OR MORE: 2
MAX 90 OR ABOVE: 0 0.10 INCH OR MORE: 2
MIN 32 OR BELOW: 5 0.50 INCH OR MORE: 1
MIN 0 OR BELOW: 0 1.00 INCH OR MORE: 0
[HDD (BASE 65) ]
TOTAL THIS MO. 262 CLEAR (SCALE 0-3) 7
DPTR FM NORMAL M PTCLDY (SCALE 4-7) 5
TOTAL FM JUL 1 5906 CLOUDY (SCALE 8-10) 3
DPTR FM NORMAL M
[CDD (BASE 65) ]
TOTAL THIS MO. 0
DPTR FM NORMAL M [PRESSURE DATA]
TOTAL FM JAN 1 0 HIGHEST SLP M ON M
DPTR FM NORMAL M LOWEST SLP M ON M
[REMARKS]