000
CXUS51 KRNK 280931
CF6BLF
PRELIMINARY LOCAL CLIMATOLOGICAL DATA (WS FORM: F-6)
STATION: BLUEFIELD WV
MONTH: MARCH
YEAR: 2024
LATITUDE: 37 17 N
LONGITUDE: 81 12 W
TEMPERATURE IN F: :PCPN: SNOW: WIND :SUNSHINE: SKY :PK WND
================================================================================
1 2 3 4 5 6A 6B 7 8 9 10 11 12 13 14 15 16 17 18
12Z AVG MX 2MIN
DY MAX MIN AVG DEP HDD CDD WTR SNW DPTH SPD SPD DIR MIN PSBL S-S WX SPD DR
================================================================================
1 42 28 35 -3 30 0 0.07 0.0 0 8.9 20 160 M M 6 1 36 170
2 57 37 47 9 18 0 0.07 0.0 0 3.1 13 140 M M 8 12 22 120
3 66 41 54 16 11 0 0.00 0.0 0 4.2 12 150 M M 1 12 22 180
4 66 48 57 18 8 0 0.00 0.0 0 5.6 14 150 M M 2 22 140
5 70 44 57 18 8 0 0.00 0.0 0 4.9 14 170 M M 1 23 140
6 56 48 52 13 13 0 1.17 0.0 0 4.0 13 160 M M 10 1 20 180
7 56 45 51 11 14 0 0.04 0.0 0 3.3 12 290 M M 8 1 16 290
8 50 46 48 8 17 0 0.09 0.0 0 6.6 17 150 M M 10 36 160
9 50 37 44 4 21 0 0.59 0.0 0 8.7 24 150 M M 10 1 49 140
10 37 30 34 -6 31 0 0.02 T 0 15.8 25 300 M M 9 14 45 280
11 48 25 37 -3 28 0 T T 0 11.0 24 300 M M 0 44 310
12 60 35 48 7 17 0 0.00 0.0 0 7.2 17 310 M M 0 25 320
13 65 44 55 14 10 0 0.00 0.0 0 7.0 17 240 M M 0 25 240
14 72 49 61 20 4 0 0.00 0.0 0 8.5 20 250 M M 0 28 240
15 62 47 55 13 10 0 0.21 0.0 0 9.2 20 310 M M 8 1 33 300
16 61 39 50 8 15 0 0.00 0.0 0 6.3 16 240 M M 5 1 24 220
17 57 39 48 6 17 0 T 0.0 0 12.1 28 260 M M 3 43 240
18 40 23 32 -11 33 0 T T T 10.4 20 300 M M 5 1 34 310
19 46 21 34 -9 31 0 T 0.3 T 13.4 22 240 M M 5 31 230
20 57 36 47 4 18 0 0.00 0.0 0 13.8 29 280 M M 2 46 250
21 52 26 39 -5 26 0 0.00 0.0 0 4.2 15 250 M M 1 21 260
22 60 36 48 4 17 0 0.24 0.0 0 7.1 18 150 M M 4 1 35 160
23 46 27 37 -7 28 0 0.48 0.0 0 6.1 14 350 M M 10 12 26 330
24 52 21 37 -8 28 0 0.00 0.0 0 5.8 16 110 M M 1 26 130
25 57 32 45 0 20 0 0.00 0.0 0 9.8 22 140 M M 0 40 160
26 44 38 41 -4 24 0 0.12 0.0 0 7.5 22 130 M M 9 1 43 120
27 62 43 53 7 12 0 0.00 0.0 0 3.8 17 160 M M 8 30 160
================================================================================
SM 1491 985 509 0 3.10 0.3 208.3 M 126
================================================================================
AV 55.2 36.5 7.7 FASTST M M 5 MAX(MPH)
MISC ----> 29 280 49 140
================================================================================
NOTES:
# LAST OF SEVERAL OCCURRENCES
COLUMN 17 PEAK WIND IN M.P.H.
PRELIMINARY LOCAL CLIMATOLOGICAL DATA (WS FORM: F-6) , PAGE 2
STATION: BLUEFIELD WV
MONTH: MARCH
YEAR: 2024
LATITUDE: 37 17 N
LONGITUDE: 81 12 W
[TEMPERATURE DATA] [PRECIPITATION DATA] SYMBOLS USED IN COLUMN 16
AVERAGE MONTHLY: 45.9 TOTAL FOR MONTH: 3.10 1 = FOG OR MIST
DPTR FM NORMAL: 4.3 DPTR FM NORMAL: -0.26 2 = FOG REDUCING VISIBILITY
HIGHEST: 72 ON 14 GRTST 24HR 1.18 ON 6- 7 TO 1/4 MILE OR LESS
LOWEST: 21 ON 24,19 3 = THUNDER
SNOW, ICE PELLETS, HAIL 4 = ICE PELLETS
TOTAL MONTH: 0.3 INCH 5 = HAIL
GRTST 24HR 0.3 ON 19-19 6 = FREEZING RAIN OR DRIZZLE
GRTST DEPTH: T 7 = DUSTSTORM OR SANDSTORM:
VSBY 1/2 MILE OR LESS
8 = SMOKE OR HAZE
[NO. OF DAYS WITH] [WEATHER - DAYS WITH] 9 = BLOWING SNOW
X = TORNADO
MAX 32 OR BELOW: 0 0.01 INCH OR MORE: 11
MAX 90 OR ABOVE: 0 0.10 INCH OR MORE: 6
MIN 32 OR BELOW: 9 0.50 INCH OR MORE: 2
MIN 0 OR BELOW: 0 1.00 INCH OR MORE: 1
[HDD (BASE 65) ]
TOTAL THIS MO. 509 CLEAR (SCALE 0-3) 12
DPTR FM NORMAL -124 PTCLDY (SCALE 4-7) 8
TOTAL FM JUL 1 4041 CLOUDY (SCALE 8-10) 7
DPTR FM NORMAL -500
[CDD (BASE 65) ]
TOTAL THIS MO. 0
DPTR FM NORMAL 0 [PRESSURE DATA]
TOTAL FM JAN 1 0 HIGHEST SLP M ON M
DPTR FM NORMAL 0 LOWEST SLP 29.61 ON 9
[REMARKS]