000
CXUS55 KBYZ 281000
CF6LVM
PRELIMINARY LOCAL CLIMATOLOGICAL DATA (WS FORM: F-6)
STATION: LIVINGSTON MT
MONTH: MARCH
YEAR: 2024
LATITUDE: 45 41 N
LONGITUDE: 110 26 W
TEMPERATURE IN F: :PCPN: SNOW: WIND :SUNSHINE: SKY :PK WND
================================================================================
1 2 3 4 5 6A 6B 7 8 9 10 11 12 13 14 15 16 17 18
12Z AVG MX 2MIN
DY MAX MIN AVG DEP HDD CDD WTR SNW DPTH SPD SPD DIR MIN PSBL S-S WX SPD DR
================================================================================
1 47 30 39 7 26 0 0.59 M M 7.4 43 240 M M 7 12 59 220
2 34 24 29 -3 36 0 0.09 M M 10.6 37 260 M M 6 12 49 250
3 31 8 20 -12 45 0 T M M 13.7 36 240 M M 5 8 44 230
4 32 9 21 -11 44 0 T M M 16.1 29 220 M M 3 41 220
5 28 20 24 -9 41 0 0.07 M M 9.6 31 220 M M 9 1 40 210
6 33 12 23 -10 42 0 T M M 6.5 15 260 M M 6 18 18 250
7 33 8 21 -13 44 0 T M M 6.9 17 280 M M 4 21 290
8 39 9 24 -10 41 0 0.00 M M 16.0 29 230 M M 0 36 230
9 49 21 35 1 30 0 0.00 M M 21.9 47 220 M M 0 8 56 210
10 52 36 44 10 21 0 0.00 M M 31.2 46 220 M M 0 61 210
11 55 36 46 11 19 0 0.00 M M 17.1 37 210 M M 2 52 210
12 53 34 44 9 21 0 0.04 M M 17.1 32 210 M M 7 1 44 200
13 40 32 36 1 29 0 0.14 M M 7.6 16 360 M M 10 1 24 260
14 47 22 35 -1 30 0 0.00 M M 6.0 18 80 M M 6 25 90
15 55 20 38 2 27 0 0.00 M M 9.6 29 260 M M 1 37 250
16 59 27 43 7 22 0 0.00 M M 6.2 18 80 M M 7 24 70
17 60 22 41 4 24 0 0.00 M M 5.4 15 340 M M 0 18 340
18 66 29 48 11 17 0 0.00 M M 14.9 30 250 M M 0 39 270
19 65 32 49 12 16 0 0.00 M M 12.5 25 100 M M 1 32 260
20 67 22 45 8 20 0 0.00 M M 11.7 26 100 M M 4 40 270
21 53 27 40 2 25 0 0.17 M M 11.1 26 250 M M 8 12 35 270
22 31 25 28 -10 37 0 0.02 M M 12.8 18 80 M M 10 1 25 80
23 32 24 28 -10 37 0 0.08 M M 12.3 22 90 M M 10 12 30 90
24 27 16 22 -16 43 0 0.03 M M 10.4 25 80 M M 10 18 32 80
25 38 16 27 -12 38 0 0.02 M M 7.1 18 80 M M 8 18 24 70
26 43 22 33 -6 32 0 T M M 11.1 31 240 M M 9 1 36 230
27 53 27 40 1 25 0 0.00 M M 23.4 39 220 M M 4 55 220
================================================================================
SM 1222 610 832 0 1.25 M 336.2 M 137
================================================================================
AV 45.3 22.6 12.5 FASTST M M 5 MAX(MPH)
MISC ----> 47 220 61 210
================================================================================
NOTES:
# LAST OF SEVERAL OCCURRENCES
COLUMN 17 PEAK WIND IN M.P.H.
PRELIMINARY LOCAL CLIMATOLOGICAL DATA (WS FORM: F-6) , PAGE 2
STATION: LIVINGSTON MT
MONTH: MARCH
YEAR: 2024
LATITUDE: 45 41 N
LONGITUDE: 110 26 W
[TEMPERATURE DATA] [PRECIPITATION DATA] SYMBOLS USED IN COLUMN 16
AVERAGE MONTHLY: 33.9 TOTAL FOR MONTH: 1.25 1 = FOG OR MIST
DPTR FM NORMAL: -1.6 DPTR FM NORMAL: 0.61 2 = FOG REDUCING VISIBILITY
HIGHEST: 67 ON 20 GRTST 24HR 0.59 ON 1- 1 TO 1/4 MILE OR LESS
LOWEST: 8 ON 7, 3 3 = THUNDER
SNOW, ICE PELLETS, HAIL 4 = ICE PELLETS
TOTAL MONTH: M 5 = HAIL
GRTST 24HR M ON M 6 = FREEZING RAIN OR DRIZZLE
GRTST DEPTH: M ON M 7 = DUSTSTORM OR SANDSTORM:
VSBY 1/2 MILE OR LESS
8 = SMOKE OR HAZE
[NO. OF DAYS WITH] [WEATHER - DAYS WITH] 9 = BLOWING SNOW
X = TORNADO
MAX 32 OR BELOW: 6 0.01 INCH OR MORE: 10
MAX 90 OR ABOVE: 0 0.10 INCH OR MORE: 3
MIN 32 OR BELOW: 24 0.50 INCH OR MORE: 1
MIN 0 OR BELOW: 0 1.00 INCH OR MORE: 0
[HDD (BASE 65) ]
TOTAL THIS MO. 832 CLEAR (SCALE 0-3) 8
DPTR FM NORMAL 38 PTCLDY (SCALE 4-7) 13
TOTAL FM JUL 1 5420 CLOUDY (SCALE 8-10) 6
DPTR FM NORMAL -540
[CDD (BASE 65) ]
TOTAL THIS MO. 0
DPTR FM NORMAL 0 [PRESSURE DATA]
TOTAL FM JAN 1 0 HIGHEST SLP M ON M
DPTR FM NORMAL 0 LOWEST SLP 29.34 ON 2
[REMARKS]