000
CXUS52 KMFL 291030
CF6OPF
PRELIMINARY LOCAL CLIMATOLOGICAL DATA (WS FORM: F-6)
STATION: OPA-LOCKA ARPT
MONTH: MARCH
YEAR: 2024
LATITUDE: 25 53 N
LONGITUDE: 80 17 W
TEMPERATURE IN F: :PCPN: SNOW: WIND :SUNSHINE: SKY :PK WND
================================================================================
1 2 3 4 5 6A 6B 7 8 9 10 11 12 13 14 15 16 17 18
12Z AVG MX 2MIN
DY MAX MIN AVG DEP HDD CDD WTR SNW DPTH SPD SPD DIR MIN PSBL S-S WX SPD DR
================================================================================
1 81 70 76 5 0 11 0.00 M M 11.5 23 130 M M 3 29 120
2 81 71 76 4 0 11 0.00 0.0 0 9.0 17 150 M M 3 22 150
3 85 70 78 6 0 13 0.09 M M 6.7 17 50 M M 4 13 24 60
4 85 67 76 4 0 11 0.00 M M 6.0 16 80 M M 3 21 80
5 85 69 77 5 0 12 0.00 M M 6.8 14 120 M M 2 20 120
6 82 69 76 4 0 11 0.31 0.0 0 6.6 16 130 M M 4 13 20 130
7 87 69 78 6 0 13 0.04 0.0 0 3.8 15 250 M M 5 1 21 220
8 87 69 78 6 0 13 0.00 0.0 0 7.0 17 140 M M 2 24 140
9 87 75 81 9 0 16 0.00 0.0 0 10.6 21 160 M M 3 27 160
10 88 70 79 7 0 14 T 0.0 0 10.0 22 270 M M 5 29 280
11 81 64 73 1 0 8 0.00 0.0 0 10.4 18 80 M M 0 25 60
12 81 62 72 0 0 7 0.00 0.0 0 6.2 16 110 M M 1 22 110
13 84 64 74 2 0 9 0.00 0.0 0 5.8 16 130 M M 2 21 140
14 84 66 75 3 0 10 T 0.0 0 7.0 16 100 M M 1 21 120
15 85 69 77 5 0 12 0.00 0.0 0 8.7 20 140 M M 2 26 160
16 88 68 78 6 0 13 0.06 0.0 0 6.2 15 160 M M 3 20 200
17 88 71 80 7 0 15 0.00 0.0 0 7.8 18 170 M M 3 27 170
18 91 72 82 9 0 17 0.00 0.0 0 10.3 21 240 M M 2 27 220
19 79 64 72 -1 0 7 0.01 0.0 0 10.9 23 330 M M 2 34 340
20 80 62 71 -2 0 6 0.00 M M 7.8 15 110 M M 3 20 100
21 83 65 74 1 0 9 0.00 0.0 0 9.4 21 110 M M 3 28 100
22 75 67 71 -2 0 6 1.51 0.0 0 10.8 22 110 M M 7 13 31 110
23 79 67 73 0 0 8 0.75 M M 8.1 24 110 M M 6 13 32 110
24 82 63 73 0 0 8 0.01 M M 11.4 21 70 M M 3 28 80
25 82 71 77 4 0 12 T M M 14.9 24 100 M M 5 33 100
26 83 71 77 3 0 12 0.00 0.0 0 12.4 21 140 M M 4 28 150
27 83 72 78 4 0 13 T 0.0 0 10.3 18 160 M M 4 24 160
28 88 68 78 4 0 13 0.00 0.0 0 14.1 29 270 M M 2 42 270
================================================================================
SM 2344 1905 0 310 2.78 0.0 250.5 M 87
================================================================================
AV 83.7 68.0 8.9 FASTST M M 3 MAX(MPH)
MISC ----> 29 270 42 270
================================================================================
NOTES:
# LAST OF SEVERAL OCCURRENCES
COLUMN 17 PEAK WIND IN M.P.H.
PRELIMINARY LOCAL CLIMATOLOGICAL DATA (WS FORM: F-6) , PAGE 2
STATION: OPA-LOCKA ARPT
MONTH: MARCH
YEAR: 2024
LATITUDE: 25 53 N
LONGITUDE: 80 17 W
[TEMPERATURE DATA] [PRECIPITATION DATA] SYMBOLS USED IN COLUMN 16
AVERAGE MONTHLY: 75.9 TOTAL FOR MONTH: 2.78 1 = FOG OR MIST
DPTR FM NORMAL: 3.4 DPTR FM NORMAL: 0.57 2 = FOG REDUCING VISIBILITY
HIGHEST: 91 ON 18 GRTST 24HR 1.97 ON 22-23 TO 1/4 MILE OR LESS
LOWEST: 62 ON 20,12 3 = THUNDER
SNOW, ICE PELLETS, HAIL 4 = ICE PELLETS
TOTAL MONTH: 0.0 INCH 5 = HAIL
GRTST 24HR 0.0 6 = FREEZING RAIN OR DRIZZLE
GRTST DEPTH: 0 7 = DUSTSTORM OR SANDSTORM:
VSBY 1/2 MILE OR LESS
8 = SMOKE OR HAZE
[NO. OF DAYS WITH] [WEATHER - DAYS WITH] 9 = BLOWING SNOW
X = TORNADO
MAX 32 OR BELOW: 0 0.01 INCH OR MORE: 8
MAX 90 OR ABOVE: 1 0.10 INCH OR MORE: 3
MIN 32 OR BELOW: 0 0.50 INCH OR MORE: 2
MIN 0 OR BELOW: 0 1.00 INCH OR MORE: 1
[HDD (BASE 65) ]
TOTAL THIS MO. 0 CLEAR (SCALE 0-3) 18
DPTR FM NORMAL -5 PTCLDY (SCALE 4-7) 10
TOTAL FM JUL 1 38 CLOUDY (SCALE 8-10) 0
DPTR FM NORMAL -77
[CDD (BASE 65) ]
TOTAL THIS MO. 310
DPTR FM NORMAL 93 [PRESSURE DATA]
TOTAL FM JAN 1 626 HIGHEST SLP M ON M
DPTR FM NORMAL 106 LOWEST SLP 29.70 ON 23
[REMARKS]