000
CXUS56 KMTR 250900
CF6STS
PRELIMINARY LOCAL CLIMATOLOGICAL DATA (WS FORM: F-6)
STATION: SANTA ROSA AIRPORT
MONTH: APRIL
YEAR: 2024
LATITUDE: 38 30 N
LONGITUDE: 122 49 W
TEMPERATURE IN F: :PCPN: SNOW: WIND :SUNSHINE: SKY :PK WND
================================================================================
1 2 3 4 5 6A 6B 7 8 9 10 11 12 13 14 15 16 17 18
12Z AVG MX 2MIN
DY MAX MIN AVG DEP HDD CDD WTR SNW DPTH SPD SPD DIR MIN PSBL S-S WX SPD DR
================================================================================
1 77 43 60 6 5 0 0.00 M M 6.0 14 150 M M 0 1 21 290
2 72 47 60 5 5 0 0.00 M M 4.1 14 170 M M 5 128 18 170
3 67 46 57 2 8 0 0.00 M M 5.1 20 250 M M 7 1 28 240
4 54 39 47 -8 18 0 0.35 M M 5.2 24 240 M M 8 1 33 240
5 61 37 49 -6 16 0 T M M 7.3 20 350 M M 4 1 26 320
6 60 34 47 -8 18 0 0.00 M M 3.4 16 260 M M 2 1 24 240
7 65 36 51 -4 14 0 0.00 M M 4.6 15 250 M M 3 1 22 260
8 75 40 58 3 7 0 0.00 M M 4.9 13 270 M M 0 18 270
9 76 44 60 5 5 0 0.00 M M 4.3 15 140 M M 0 19 160
10 79 43 61 6 4 0 0.00 M M 3.4 12 190 M M 4 12 15 200
11 78 45 62 6 3 0 0.00 M M 3.5 15 150 M M 1 12 22 170
12 64 43 54 -2 11 0 0.13 M M 7.2 17 200 M M 6 1 26 210
13 53 44 49 -7 16 0 0.41 M M 8.4 18 140 M M 9 1 25 140
14 59 41 50 -6 15 0 0.01 M M 5.4 12 250 M M 7 18 270
15 67 39 53 -3 12 0 0.00 M M 3.9 15 180 M M 4 12 19 180
16 74 42 58 2 7 0 0.00 M M 4.1 15 190 M M 2 1 20 170
17 77 45 61 5 4 0 T M M 3.6 13 220 M M 2 12 17 190
18 78 45 62 6 3 0 0.00 M M 4.8 14 190 M M 1 1 19 170
19 68 49 59 3 6 0 0.00 M M 5.5 16 160 M M 4 1 22 160
20 76 49 63 6 2 0 0.00 M M 4.3 12 140 M M 4 1 16 140
21 81 45 63 6 2 0 0.00 M M 3.2 12 180 M M 0 1 14 210
22 78 49 64 7 1 0 0.00 M M 5.7 17 190 M M 2 18 23 190
23 61 50 56 -1 9 0 0.00 M M 4.5 14 220 M M 10 20 210
24 65 51 58 1 7 0 0.00 M M 5.5 14 190 M M 9 19 180
================================================================================
SM 1665 1046 198 0 0.90 M 117.9 M 94
================================================================================
AV 69.4 43.6 4.9 FASTST M M 4 MAX(MPH)
MISC ----> 24 240 33 240
================================================================================
NOTES:
# LAST OF SEVERAL OCCURRENCES
COLUMN 17 PEAK WIND IN M.P.H.
PRELIMINARY LOCAL CLIMATOLOGICAL DATA (WS FORM: F-6) , PAGE 2
STATION: SANTA ROSA AIRPORT
MONTH: APRIL
YEAR: 2024
LATITUDE: 38 30 N
LONGITUDE: 122 49 W
[TEMPERATURE DATA] [PRECIPITATION DATA] SYMBOLS USED IN COLUMN 16
AVERAGE MONTHLY: 56.5 TOTAL FOR MONTH: 0.90 1 = FOG OR MIST
DPTR FM NORMAL: 0.7 DPTR FM NORMAL: -0.97 2 = FOG REDUCING VISIBILITY
HIGHEST: 81 ON 21 GRTST 24HR 0.54 ON 12-13 TO 1/4 MILE OR LESS
LOWEST: 34 ON 6 3 = THUNDER
SNOW, ICE PELLETS, HAIL 4 = ICE PELLETS
TOTAL MONTH: M 5 = HAIL
GRTST 24HR M ON M 6 = FREEZING RAIN OR DRIZZLE
GRTST DEPTH: M ON M 7 = DUSTSTORM OR SANDSTORM:
VSBY 1/2 MILE OR LESS
8 = SMOKE OR HAZE
[NO. OF DAYS WITH] [WEATHER - DAYS WITH] 9 = BLOWING SNOW
X = TORNADO
MAX 32 OR BELOW: 0 0.01 INCH OR MORE: 4
MAX 90 OR ABOVE: 0 0.10 INCH OR MORE: 3
MIN 32 OR BELOW: 0 0.50 INCH OR MORE: 0
MIN 0 OR BELOW: 0 1.00 INCH OR MORE: 0
[HDD (BASE 65) ]
TOTAL THIS MO. 198 CLEAR (SCALE 0-3) 11
DPTR FM NORMAL -25 PTCLDY (SCALE 4-7) 10
TOTAL FM JUL 1 2227 CLOUDY (SCALE 8-10) 3
DPTR FM NORMAL -428
[CDD (BASE 65) ]
TOTAL THIS MO. 0
DPTR FM NORMAL 0 [PRESSURE DATA]
TOTAL FM JAN 1 0 HIGHEST SLP M ON M
DPTR FM NORMAL -1 LOWEST SLP 29.69 ON 4
[REMARKS]