000
CXUS55 KVEF 230910
CF6VGT
PRELIMINARY LOCAL CLIMATOLOGICAL DATA (WS FORM: F-6)
STATION: NORTH_LAS_VEGAS NV
MONTH: APRIL
YEAR: 2024
LATITUDE: 36 12 N
LONGITUDE: 115 12 W
TEMPERATURE IN F: :PCPN: SNOW: WIND :SUNSHINE: SKY :PK WND
================================================================================
1 2 3 4 5 6A 6B 7 8 9 10 11 12 13 14 15 16 17 18
12Z AVG MX 2MIN
DY MAX MIN AVG DEP HDD CDD WTR SNW DPTH SPD SPD DIR MIN PSBL S-S WX SPD DR
================================================================================
1 70 50 60 -3 5 0 0.00 M M 9.2 23 310 M M 6 31 310
2 74 55 65 2 0 0 0.00 M M 9.2 22 50 M M 0 28 320
3 80 54 67 3 0 2 0.00 M M 8.0 20 130 M M 0 25 140
4 80 54 67 3 0 2 0.00 M M 16.6 35 180 M M 0 48 200
5 59 47 53 -11 12 0 0.00 M M 15.9 30 220 M M 1 39 230
6 65 46 56 -8 9 0 0.00 M M 9.8 24 330 M M 0 33 360
7 68 46 57 -7 8 0 0.00 M M 5.8 15 120 M M 0 20 120
8 68 56 62 -2 3 0 0.00 M M 13.5 25 310 M M 3 35 320
9 77 54 66 1 0 1 0.00 M M 9.8 22 330 M M 0 31 330
10 81 54 68 3 0 3 0.00 M M 4.9 13 140 M M 0 17 130
11 87 58 73 8 0 8 0.00 M M 3.5 12 170 M M 0 16 170
12 88 59 74 9 0 9 0.00 M M 10.0 26 170 M M 0 34 210
13 81 61 71 5 0 6 0.00 M M 16.0 31 160 M M 0 42 160
14 71 56 64 -2 1 0 0.00 M M 16.7 35 260 M M 0 46 240
15 77 52 65 -1 0 0 0.00 M M 13.2 26 320 M M 0 37 350
16 83 59 71 5 0 6 0.00 M M 5.8 17 310 M M 0 22 320
17 90 59 75 8 0 10 0.00 M M 5.8 17 200 M M 0 24 200
18 87 65 76 9 0 11 0.00 M M 5.8 18 190 M M 0 27 180
19 89 62 76 9 0 11 0.00 M M 4.3 13 190 M M 0 19 50
20 92 64 78 11 0 13 0.00 M M 4.7 13 330 M M 0 18 340
21 94 65 80 12 0 15 0.00 M M 3.6 13 130 M M 0 19 130
22 96 67 82 14 0 17 0.00 M M 8.8 29 150 M M 0 39 160
================================================================================
SM 1757 1243 38 114 0.00 M 200.9 M 10
================================================================================
AV 79.9 56.5 9.1 FASTST M M 0 MAX(MPH)
MISC ----> # 35 180 48 200
================================================================================
NOTES:
# LAST OF SEVERAL OCCURRENCES
COLUMN 17 PEAK WIND IN M.P.H.
PRELIMINARY LOCAL CLIMATOLOGICAL DATA (WS FORM: F-6) , PAGE 2
STATION: NORTH_LAS_VEGAS NV
MONTH: APRIL
YEAR: 2024
LATITUDE: 36 12 N
LONGITUDE: 115 12 W
[TEMPERATURE DATA] [PRECIPITATION DATA] SYMBOLS USED IN COLUMN 16
AVERAGE MONTHLY: 68.2 TOTAL FOR MONTH: 0.00 1 = FOG OR MIST
DPTR FM NORMAL: 2.8 DPTR FM NORMAL: -0.18 2 = FOG REDUCING VISIBILITY
HIGHEST: 96 ON 22 GRTST 24HR 0.00 ON 1- 1 TO 1/4 MILE OR LESS
LOWEST: 46 ON 7, 6 3 = THUNDER
SNOW, ICE PELLETS, HAIL 4 = ICE PELLETS
TOTAL MONTH: M 5 = HAIL
GRTST 24HR M ON M 6 = FREEZING RAIN OR DRIZZLE
GRTST DEPTH: M ON M 7 = DUSTSTORM OR SANDSTORM:
VSBY 1/2 MILE OR LESS
8 = SMOKE OR HAZE
[NO. OF DAYS WITH] [WEATHER - DAYS WITH] 9 = BLOWING SNOW
X = TORNADO
MAX 32 OR BELOW: 0 0.01 INCH OR MORE: 0
MAX 90 OR ABOVE: 4 0.10 INCH OR MORE: 0
MIN 32 OR BELOW: 0 0.50 INCH OR MORE: 0
MIN 0 OR BELOW: 0 1.00 INCH OR MORE: 0
[HDD (BASE 65) ]
TOTAL THIS MO. 38 CLEAR (SCALE 0-3) 21
DPTR FM NORMAL -17 PTCLDY (SCALE 4-7) 1
TOTAL FM JUL 1 1601 CLOUDY (SCALE 8-10) 0
DPTR FM NORMAL -374
[CDD (BASE 65) ]
TOTAL THIS MO. 114
DPTR FM NORMAL 51 [PRESSURE DATA]
TOTAL FM JAN 1 123 HIGHEST SLP M ON M
DPTR FM NORMAL 35 LOWEST SLP 29.53 ON 4
[REMARKS]