000
CXUS51 KPBZ 012043
CLADUJ
CLIMATE REPORT
NATIONAL WEATHER SERVICE PITTSBURGH PA
343 PM EST MON JAN 01 2024
...................................
...THE DUBOIS PA CLIMATE SUMMARY FOR THE YEAR OF 2023...
CLIMATE NORMAL PERIOD 1991 TO 2020
CLIMATE RECORD PERIOD 1960 TO 2023
WEATHER OBSERVED NORMAL DEPART LAST YEAR`S
VALUE DATE(S) VALUE FROM VALUE DATE(S)
NORMAL
................................................................
TEMPERATURE (F)
RECORD
HIGH 101 07/22/2011
LOW -26 01/19/1994
HIGHEST 91 06/02 MM MM 91 06/22
07/23
LOWEST 0 02/04 MM MM -6 01/22
12/23
AVG. MAXIMUM 61.0 56.9 4.1 59.0
AVG. MINIMUM 42.7 38.6 4.1 39.7
MEAN 51.8 47.7 4.1 49.4
DAYS MAX >= 90 1 1.6 -0.6 4
DAYS MAX <= 32 10 52.8 -42.8 46
DAYS MIN <= 32 101 138.1 -37.1 131
DAYS MIN <= 0 1 5.7 -4.7 5
PRECIPITATION (INCHES)
RECORD
MAXIMUM 60.70 1996
MINIMUM 34.18
TOTALS 39.83 42.42 -2.59 41.16
DAILY AVG. 0.11 0.12 -0.01 0.11
DAYS >= .01 144 168.6 -24.6 148
DAYS >= .10 79 91.8 -12.8 87
DAYS >= .50 29 27.4 1.6 31
DAYS >= 1.00 8 7.5 0.5 6
DAYS >= %-5.2F 0 0
GREATEST
24 HR. TOTAL 1.87
STORM TOTAL 1.87
(MM/DD(HH))
DEGREE DAYS
HEATING TOTAL 5205 6673 -1468 6186
SINCE 7/1 1947 2544 -597 MM
COOLING TOTAL 550 413 137 602
SINCE 1/1 550 414 136 MM
FREEZE DATES
RECORD
EARLIEST MM
LATEST MM
EARLIEST 10/23
LATEST 04/25
................................................................
WIND (MPH)
AVERAGE WIND SPEED 7.4
HIGHEST WIND SPEED/DIRECTION 38/270 DATE 03/29
HIGHEST GUST SPEED/DIRECTION 55/240 DATE 12/03
AVERAGE RH (PERCENT) 67
WEATHER CONDITIONS. NUMBER OF DAYS WITH
THUNDERSTORM 39 MIXED PRECIP 5
HEAVY RAIN 25 RAIN 54
LIGHT RAIN 129 FREEZING RAIN 0
LT FREEZING RAIN 2 HAIL 0
HEAVY SNOW 5 SNOW 19
LIGHT SNOW 54 SLEET 1
FOG 196 FOG W/VIS <= 1/4 MILE 53
HAZE 118
- INDICATES NEGATIVE NUMBERS.
R INDICATES RECORD WAS SET OR TIED.
MM INDICATES DATA IS MISSING.
T INDICATES TRACE AMOUNT.
$$