242
CDUS43 KILX 250632
CLILWV


CLIMATE REPORT
NATIONAL WEATHER SERVICE LINCOLN IL
130 AM CDT WED APR 25 2018


...................................

...THE LAWRENCEVILLE IL AIRPORT CLIMATE SUMMARY FOR APRIL 24 2018...

CLIMATE NORMAL PERIOD 1981 TO 2010
CLIMATE RECORD PERIOD 9999 TO 9999


WEATHER ITEM   OBSERVED TIME   RECORD YEAR NORMAL DEPARTURE LAST
                VALUE   (LST)  VALUE       VALUE  FROM      YEAR
                                                  NORMAL
..................................................................
TEMPERATURE (F)
 YESTERDAY
  MAXIMUM         63        MM  MM      MM  70     -7       78
  MINIMUM         52        MM  MM      MM  49      3       46
  AVERAGE         58                        59     -1       62

PRECIPITATION (IN)
  YESTERDAY        0.06         MM      MM   0.18  -0.12     0.00
  MONTH TO DATE    2.64                      2.97  -0.33     1.89
  SINCE MAR 1      7.80                      6.40   1.40     4.72
  SINCE JAN 1     15.89                     10.79   5.10     8.87

DEGREE DAYS
 HEATING
  YESTERDAY        7                         7      0        3
  MONTH TO DATE  401                       260    141      150
  SINCE MAR 1   1082                       882    200      715
  SINCE JUL 1   4696                      4557    139     3770

 COOLING
  YESTERDAY        0                         1     -1        0
  MONTH TO DATE    2                        18    -16       31
  SINCE MAR 1      2                        20    -18       33
  SINCE JAN 1      3                        20    -17       33
..................................................................


WIND (MPH)
  HIGHEST WIND SPEED    MM   HIGHEST WIND DIRECTION    MM
  HIGHEST GUST SPEED    MM   HIGHEST GUST DIRECTION    MM
  AVERAGE WIND SPEED    MM


SKY COVER
  POSSIBLE SUNSHINE  MM
  AVERAGE SKY COVER 0.9


WEATHER CONDITIONS
 THE FOLLOWING WEATHER WAS RECORDED YESTERDAY.
  LIGHT RAIN
  FOG


RELATIVE HUMIDITY (PERCENT)
 HIGHEST    93          1200 AM
 LOWEST     72           400 PM
 AVERAGE    83

..........................................................


THE LAWRENCEVILLE IL AIRPORT CLIMATE NORMALS FOR TODAY
                         NORMAL    RECORD    YEAR
 MAXIMUM TEMPERATURE (F)   70        MM        MM
 MINIMUM TEMPERATURE (F)   49        MM        MM


SUNRISE AND SUNSET
APRIL 25 2018.........SUNRISE   600 AM CDT   SUNSET   737 PM CDT
APRIL 26 2018.........SUNRISE   559 AM CDT   SUNSET   738 PM CDT


-  INDICATES NEGATIVE NUMBERS.
R  INDICATES RECORD WAS SET OR TIED.
MM INDICATES DATA IS MISSING.
T  INDICATES TRACE AMOUNT.




$$
