000
CDUS43 KILX 110628
CLILWV


CLIMATE REPORT
NATIONAL WEATHER SERVICE LINCOLN IL
127 AM CDT WED APR 11 2018


...................................

...THE LAWRENCEVILLE IL AIRPORT CLIMATE SUMMARY FOR APRIL 10 2018...

CLIMATE NORMAL PERIOD 1981 TO 2010
CLIMATE RECORD PERIOD 9999 TO 9999


WEATHER ITEM   OBSERVED TIME   RECORD YEAR NORMAL DEPARTURE LAST
                VALUE   (LST)  VALUE       VALUE  FROM      YEAR
                                                  NORMAL
..................................................................
TEMPERATURE (F)
 YESTERDAY
  MAXIMUM         45    456 PM  MM      MM  65    -20       75
  MINIMUM         31    503 AM  MM      MM  43    -12       59
  AVERAGE         38                        54    -16       67

PRECIPITATION (IN)
  YESTERDAY        0.00         MM      MM   0.12  -0.12     0.00
  MONTH TO DATE    1.25                      1.12   0.13     1.10
  SINCE MAR 1      6.41                      4.55   1.86     3.93
  SINCE JAN 1     14.50                      8.94   5.56     8.08

DEGREE DAYS
 HEATING
  YESTERDAY       27                        12     15        0
  MONTH TO DATE  243                       132    111       94
  SINCE MAR 1    924                       754    170      659
  SINCE JUL 1   4538                      4429    109     3714

 COOLING
  YESTERDAY        0                         1     -1        2
  MONTH TO DATE    0                         4     -4        2
  SINCE MAR 1      0                         6     -6        4
  SINCE JAN 1      1                         6     -5        4
..................................................................


WIND (MPH)
  HIGHEST WIND SPEED    12   HIGHEST WIND DIRECTION    NW (300)
  HIGHEST GUST SPEED    15   HIGHEST GUST DIRECTION    NW (300)
  AVERAGE WIND SPEED     5.3


SKY COVER
  POSSIBLE SUNSHINE  MM
  AVERAGE SKY COVER 0.7


WEATHER CONDITIONS
 THE FOLLOWING WEATHER WAS RECORDED YESTERDAY.
  FOG
  HAZE


RELATIVE HUMIDITY (PERCENT)
 HIGHEST    92           400 AM
 LOWEST     45           400 PM
 AVERAGE    69

..........................................................


THE LAWRENCEVILLE IL AIRPORT CLIMATE NORMALS FOR TODAY
                         NORMAL    RECORD    YEAR
 MAXIMUM TEMPERATURE (F)   65        MM        MM
 MINIMUM TEMPERATURE (F)   44        MM        MM


SUNRISE AND SUNSET
APRIL 11 2018.........SUNRISE   620 AM CDT   SUNSET   724 PM CDT
APRIL 12 2018.........SUNRISE   618 AM CDT   SUNSET   724 PM CDT


-  INDICATES NEGATIVE NUMBERS.
R  INDICATES RECORD WAS SET OR TIED.
MM INDICATES DATA IS MISSING.
T  INDICATES TRACE AMOUNT.




$$
