018
CDUS43 KILX 222130
CLILWV


CLIMATE REPORT
NATIONAL WEATHER SERVICE LINCOLN IL
430 PM CDT SUN APR 22 2018


...................................

...THE LAWRENCEVILLE IL AIRPORT CLIMATE SUMMARY FOR APRIL 22 2018...
VALID TODAY AS OF 0400 PM LOCAL TIME.

CLIMATE NORMAL PERIOD 1981 TO 2010
CLIMATE RECORD PERIOD 9999 TO 9999


WEATHER ITEM   OBSERVED TIME   RECORD YEAR NORMAL DEPARTURE LAST
                VALUE   (LST)  VALUE       VALUE  FROM      YEAR
                                                  NORMAL
..................................................................
TEMPERATURE (F)
 TODAY
  MAXIMUM         74   1247 PM  MM      MM  69      5       58
  MINIMUM         51    544 AM  MM      MM  48      3       46
  AVERAGE         63                        58      5       52

PRECIPITATION (IN)
  TODAY            0.00         MM      MM   0.14  -0.14     0.01
  MONTH TO DATE    2.33                      2.63  -0.30     1.89
  SINCE MAR 1      7.49                      6.06   1.43     4.72
  SINCE JAN 1     15.58                     10.45   5.13     8.87

DEGREE DAYS
 HEATING
  TODAY            2                         8     -6       13
  MONTH TO DATE  385                       246    139      140
  SINCE MAR 1   1066                       868    198      705
  SINCE JUL 1   4680                      4543    137     3760

 COOLING
  TODAY            0                         1     -1        0
  MONTH TO DATE    2                        16    -14       31
  SINCE MAR 1      2                        18    -16       33
  SINCE JAN 1      3                        18    -15       33
..................................................................


WIND (MPH)
  HIGHEST WIND SPEED    20   HIGHEST WIND DIRECTION     E (80)
  HIGHEST GUST SPEED    23   HIGHEST GUST DIRECTION     E (90)
  AVERAGE WIND SPEED    10.6


SKY COVER
  POSSIBLE SUNSHINE  MM
  AVERAGE SKY COVER 0.3


WEATHER CONDITIONS
 THE FOLLOWING WEATHER WAS RECORDED TODAY.
  NO SIGNIFICANT WEATHER WAS OBSERVED.


RELATIVE HUMIDITY (PERCENT)
 HIGHEST    50           600 AM
 LOWEST     31          1100 AM
 AVERAGE    41

..........................................................


THE LAWRENCEVILLE IL AIRPORT CLIMATE NORMALS FOR TOMORROW
                         NORMAL    RECORD    YEAR
 MAXIMUM TEMPERATURE (F)   69        MM        MM
 MINIMUM TEMPERATURE (F)   48        MM        MM


SUNRISE AND SUNSET
APRIL 22 2018.........SUNRISE   604 AM CDT   SUNSET   734 PM CDT
APRIL 23 2018.........SUNRISE   603 AM CDT   SUNSET   735 PM CDT


-  INDICATES NEGATIVE NUMBERS.
R  INDICATES RECORD WAS SET OR TIED.
MM INDICATES DATA IS MISSING.
T  INDICATES TRACE AMOUNT.




$$
