000
CXUS55 KPUB 020137 RRA
CF6ALS
PRELIMINARY LOCAL CLIMATOLOGICAL DATA (WS FORM: F-6)
STATION: ALAMOSA CO
MONTH: JANUARY
YEAR: 2021
LATITUDE: 37 27 N
LONGITUDE: 105 52 W
TEMPERATURE IN F: :PCPN: SNOW: WIND :SUNSHINE: SKY :PK WND
================================================================================
1 2 3 4 5 6A 6B 7 8 9 10 11 12 13 14 15 16 17 18
12Z AVG MX 2MIN
DY MAX MIN AVG DEP HDD CDD WTR SNW DPTH SPD SPD DIR MIN PSBL S-S WX SPD DR
================================================================================
1 34 -2 16 0 49 0 0.00 0.0 T 3.6 14 310 M M 5 15 310
2 34 -6 14 -2 51 0 0.00 0.0 0 4.3 9 230 M M 0 12 220
3 36 -5 16 0 49 0 0.00 0.0 0 3.6 12 50 M M 0 14 50
4 40 -1 20 4 45 0 0.00 0.0 0 3.5 10 250 M M 0 11 240
5 42 1 22 6 43 0 0.00 0.0 0 9.6 32 320 M M 1 42 320
6 33 -1 16 0 49 0 0.00 0.0 0 3.8 10 50 M M 0 11 30
7 39 0 20 4 45 0 0.00 0.0 0 3.6 8 330 M M 0 10 30
8 39 2 21 5 44 0 0.00 0.0 0 1.5 7 100 M M 0 8 100
9 35 11 23 7 42 0 0.01 T 0 4.6 18 350 M M 8 18 23 360
10 32 1 17 1 48 0 0.00 0.0 T 2.7 10 230 M M 3 12 230
11 33 -4 15 -1 50 0 0.00 0.0 0 2.7 7 250 M M 0 11 10
12 37 -10 14 -2 51 0 0.00 0.0 0 2.4 10 240 M M 0 11 240
13 45 0 23 7 42 0 0.00 0.0 0 2.7 12 350 M M 0 14 340
14 40 11 26 10 39 0 0.00 0.0 0 14.1 33 330 M M 0 46 340
15 48 -1 24 8 41 0 0.00 0.0 0 7.2 24 360 M M 0 32 340
16 46 4 25 9 40 0 0.00 0.0 0 7.5 23 310 M M 0 31 330
17 46 6 26 10 39 0 0.00 0.0 0 5.3 14 230 M M 0 17 230
18 45 6 26 10 39 0 T T 0 7.8 24 110 M M 3 35 110
19 29 4 17 1 48 0 0.05 0.7 1 7.1 32 90 M M 8 128 44 90
20 28 4 16 0 49 0 0.00 0.0 0 3.4 9 220 M M 5 12 13 220
21 32 1 17 1 48 0 0.00 0.0 0 3.4 8 360 M M 6 12 11 270
22 36 2 19 3 46 0 0.00 0.0 0 2.6 9 320 M M 5 12 11 330
23 41 12 27 10 38 0 T T 0 8.3 25 200 M M 1 1 34 190
24 41 13 27 10 38 0 0.08 0.8 0 4.9 23 200 M M 4 1 31 200
25 32 0 16 -1 49 0 0.00 0.0 1 5.8 14 210 M M 3 1 18 210
26 25 -2 12 -5 53 0 0.08 2.0 1 6.0 22 240 M M 7 1 27 230
27 24 -14 5 -12 60 0 0.00 0.0 1 3.1 9 280 M M 0 11 320
28 31 -6 13 -5 52 0 0.00 0.0 T 2.5 9 330 M M 0 12 320
29 37 -3 17 -1 48 0 0.00 0.0 0 3.8 10 10 M M 3 14 170
30 39 8 24 6 41 0 0.01 0.3 T 5.1 20 340 M M 3 12 27 340
31 37 -2 18 0 47 0 0.00 0.0 0 3.1 9 350 M M 0 11 330
================================================================================
SM 1136 29 1423 0 0.23 3.8 149.6 M 65
================================================================================
AV 36.6 0.9 4.8 FASTST M M 2 MAX(MPH)
MISC ----> 33 330 46 340
================================================================================
NOTES:
COLUMN 17 PEAK WIND IN M.P.H.
PRELIMINARY LOCAL CLIMATOLOGICAL DATA (WS FORM: F-6) , PAGE 2
STATION: ALAMOSA CO
MONTH: JANUARY
YEAR: 2021
LATITUDE: 37 27 N
LONGITUDE: 105 52 W
[TEMPERATURE DATA] [PRECIPITATION DATA] SYMBOLS USED IN COLUMN 16
AVERAGE MONTHLY: 18.8 TOTAL FOR MONTH: 0.23 1 = FOG OR MIST
DPTR FM NORMAL: 2.5 DPTR FM NORMAL: -0.03 2 = FOG REDUCING VISIBILITY
HIGHEST: 48 ON 15 GRTST 24HR 0.08 ON 24,26 TO 1/4 MILE OR LESS
LOWEST: -14 ON 27 3 = THUNDER
SNOW, ICE PELLETS, HAIL 4 = ICE PELLETS
TOTAL MONTH: 3.8 INCHES 5 = HAIL
GRTST 24HR 2.0 ON 26 6 = FREEZING RAIN OR DRIZZLE
GRTST DEPTH: 2 ON 26 7 = DUSTSTORM OR SANDSTORM:
VSBY 1/2 MILE OR LESS
8 = SMOKE OR HAZE
[NO. OF DAYS WITH] [WEATHER - DAYS WITH] 9 = BLOWING SNOW
X = TORNADO
MAX 32 OR BELOW: 8 0.01 INCH OR MORE: 5
MAX 90 OR ABOVE: 0 0.10 INCH OR MORE: 0
MIN 32 OR BELOW: 31 0.50 INCH OR MORE: 0
MIN 0 OR BELOW: 16 1.00 INCH OR MORE: 0
[HDD (BASE 65) ]
TOTAL THIS MO. 1423 CLEAR (SCALE 0-3) 23
DPTR FM NORMAL -87 PTCLDY (SCALE 4-7) 6
TOTAL FM JUL 1 4769 CLOUDY (SCALE 8-10) 2
DPTR FM NORMAL -374
[CDD (BASE 65) ]
TOTAL THIS MO. 0
DPTR FM NORMAL 0 [PRESSURE DATA]
TOTAL FM JAN 1 0 HIGHEST SLP 30.77 ON 28
DPTR FM NORMAL 0 LOWEST SLP 29.51 ON 25
[REMARKS]
#FINAL-01-21#