000
CDUS45 KPUB 231036
CLIALS


CLIMATE REPORT
NATIONAL WEATHER SERVICE PUEBLO
436 AM MDT MON APR 23 2018


...................................

...THE ALAMOSA CO CLIMATE SUMMARY FOR APRIL 22 2018...

CLIMATE NORMAL PERIOD 1981 TO 2010
CLIMATE RECORD PERIOD 1932 TO 2018


WEATHER ITEM   OBSERVED TIME   RECORD YEAR NORMAL DEPARTURE LAST
                VALUE   (LST)  VALUE       VALUE  FROM      YEAR
                                                  NORMAL
..................................................................
TEMPERATURE (F)
 YESTERDAY
  MAXIMUM         65    219 PM  77    2006  61      4       58
  MINIMUM         22    507 AM  14    2002  26     -4       21
  AVERAGE         44                        44      0       40

PRECIPITATION (IN)
  YESTERDAY        0.00          0.19 1995   0.03  -0.03     0.00
  MONTH TO DATE    0.20                      0.43  -0.23     0.36
  SINCE MAR 1      0.35                      0.96  -0.61     1.09
  SINCE JAN 1      0.66                      1.48  -0.82     2.74

SNOWFALL (IN)
  YESTERDAY        0.0           2.0  1941   0.1   -0.1      0.0
  MONTH TO DATE    0.3                       2.8   -2.5      3.2
  SINCE MAR 1      2.1                       7.8   -5.7      3.9
  SINCE JUL 1      9.1                      25.9  -16.8     39.4
  SNOW DEPTH       0

DEGREE DAYS
 HEATING
  YESTERDAY       21                        21      0       25
  MONTH TO DATE  473                       536    -63      443
  SINCE MAR 1   1409                      1513   -104     1182
  SINCE JUL 1   6684                      7842  -1158     6971

 COOLING
  YESTERDAY        0                         0      0        0
  MONTH TO DATE    0                         0      0        0
  SINCE MAR 1      0                         0      0        0
  SINCE JAN 1      0                         0      0        0
..................................................................


WIND (MPH)
  HIGHEST WIND SPEED    17   HIGHEST WIND DIRECTION     E (110)
  HIGHEST GUST SPEED    22   HIGHEST GUST DIRECTION     E (90)
  AVERAGE WIND SPEED     6.1


SKY COVER
  POSSIBLE SUNSHINE  MM
  AVERAGE SKY COVER 0.2


WEATHER CONDITIONS
 THE FOLLOWING WEATHER WAS RECORDED YESTERDAY.
  NO SIGNIFICANT WEATHER WAS OBSERVED.


RELATIVE HUMIDITY (PERCENT)
 HIGHEST    84           500 AM
 LOWEST     14           200 PM
 AVERAGE    49

..........................................................


THE ALAMOSA CO CLIMATE NORMALS FOR TODAY
                         NORMAL    RECORD    YEAR
 MAXIMUM TEMPERATURE (F)   62        78      2012
 MINIMUM TEMPERATURE (F)   27        10      1970


SUNRISE AND SUNSET
APRIL 23 2018.........SUNRISE   618 AM MDT   SUNSET   746 PM MDT
APRIL 24 2018.........SUNRISE   617 AM MDT   SUNSET   747 PM MDT


-  INDICATES NEGATIVE NUMBERS.
R  INDICATES RECORD WAS SET OR TIED.
MM INDICATES DATA IS MISSING.
T  INDICATES TRACE AMOUNT.




$$
