000
CDUS45 KPUB 191043
CLIALS


CLIMATE REPORT
NATIONAL WEATHER SERVICE PUEBLO
442 AM MDT SAT MAY 19 2018


...................................

...THE ALAMOSA CO CLIMATE SUMMARY FOR MAY 18 2018...

CLIMATE NORMAL PERIOD 1981 TO 2010
CLIMATE RECORD PERIOD 1932 TO 2018


WEATHER ITEM   OBSERVED TIME   RECORD YEAR NORMAL DEPARTURE LAST
                VALUE   (LST)  VALUE       VALUE  FROM      YEAR
                                                  NORMAL
..................................................................
TEMPERATURE (F)
 YESTERDAY
  MAXIMUM         75    234 PM  85    1970  70      5       51
  MINIMUM         32    522 AM  21    2000  34     -2       28
                                      1978
  AVERAGE         54                        52      2       40

PRECIPITATION (IN)
  YESTERDAY        0.00          1.16 1935   0.02  -0.02     0.00
  MONTH TO DATE    T                         0.36  -0.36     1.23
  SINCE MAR 1      0.35                      1.48  -1.13     2.59
  SINCE JAN 1      0.66                      2.00  -1.34     4.24

SNOWFALL (IN)
  YESTERDAY        0.0           7.1  1971   0.0    0.0      0.0
  MONTH TO DATE    0.0                       0.8   -0.8      1.1
  SINCE MAR 1      2.1                       9.4   -7.3      6.7
  SINCE JUL 1      9.1                      27.5  -18.4     42.2
  SNOW DEPTH       0

DEGREE DAYS
 HEATING
  YESTERDAY       11                        13     -2       25
  MONTH TO DATE  211                       281    -70      270
  SINCE MAR 1   1746                      1952   -206     1645
  SINCE JUL 1   7021                      8281  -1260     7434

 COOLING
  YESTERDAY        0                         0      0        0
  MONTH TO DATE    0                         0      0        0
  SINCE MAR 1      0                         0      0        0
  SINCE JAN 1      0                         0      0        0
..................................................................


WIND (MPH)
  HIGHEST WIND SPEED    26   HIGHEST WIND DIRECTION     S (160)
  HIGHEST GUST SPEED    47   HIGHEST GUST DIRECTION    SE (150)
  AVERAGE WIND SPEED    10.7


SKY COVER
  POSSIBLE SUNSHINE  MM
  AVERAGE SKY COVER 0.1


WEATHER CONDITIONS
 THE FOLLOWING WEATHER WAS RECORDED YESTERDAY.
  HAZE


RELATIVE HUMIDITY (PERCENT)
 HIGHEST    56           500 AM
 LOWEST      7          1200 PM
 AVERAGE    32

..........................................................


THE ALAMOSA CO CLIMATE NORMALS FOR TODAY
                         NORMAL    RECORD    YEAR
 MAXIMUM TEMPERATURE (F)   70        82      2008
 MINIMUM TEMPERATURE (F)   34        17      1971


SUNRISE AND SUNSET
MAY 19 2018...........SUNRISE   551 AM MDT   SUNSET   809 PM MDT
MAY 20 2018...........SUNRISE   550 AM MDT   SUNSET   810 PM MDT


-  INDICATES NEGATIVE NUMBERS.
R  INDICATES RECORD WAS SET OR TIED.
MM INDICATES DATA IS MISSING.
T  INDICATES TRACE AMOUNT.




$$
