000
CDUS45 KPUB 201055
CLIALS


CLIMATE REPORT
NATIONAL WEATHER SERVICE PUEBLO
455 AM MDT SUN MAY 20 2018


...................................

...THE ALAMOSA CO CLIMATE SUMMARY FOR MAY 19 2018...

CLIMATE NORMAL PERIOD 1981 TO 2010
CLIMATE RECORD PERIOD 1932 TO 2018


WEATHER ITEM   OBSERVED TIME   RECORD YEAR NORMAL DEPARTURE LAST
                VALUE   (LST)  VALUE       VALUE  FROM      YEAR
                                                  NORMAL
..................................................................
TEMPERATURE (F)
 YESTERDAY
  MAXIMUM         73    148 PM  82    2008  70      3       52
  MINIMUM         31    440 AM  17    1971  34     -3       24
  AVERAGE         52                        52      0       38

PRECIPITATION (IN)
  YESTERDAY        0.00          0.89 2015   0.01  -0.01      T
  MONTH TO DATE    T                         0.37  -0.37     1.23
  SINCE MAR 1      0.35                      1.49  -1.14     2.59
  SINCE JAN 1      0.66                      2.01  -1.35     4.24

SNOWFALL (IN)
  YESTERDAY        0.0           T    2017   0.0    0.0       T
                                      1972
  MONTH TO DATE    0.0                       0.8   -0.8      1.1
  SINCE MAR 1      2.1                       9.4   -7.3      6.7
  SINCE JUL 1      9.1                      27.5  -18.4     42.2
  SNOW DEPTH       0

DEGREE DAYS
 HEATING
  YESTERDAY       13                        13      0       27
  MONTH TO DATE  224                       294    -70      297
  SINCE MAR 1   1759                      1965   -206     1672
  SINCE JUL 1   7034                      8294  -1260     7461

 COOLING
  YESTERDAY        0                         0      0        0
  MONTH TO DATE    0                         0      0        0
  SINCE MAR 1      0                         0      0        0
  SINCE JAN 1      0                         0      0        0
..................................................................


WIND (MPH)
  HIGHEST WIND SPEED    29   HIGHEST WIND DIRECTION    NW (310)
  HIGHEST GUST SPEED    40   HIGHEST GUST DIRECTION     W (260)
  AVERAGE WIND SPEED    10.8


SKY COVER
  POSSIBLE SUNSHINE  MM
  AVERAGE SKY COVER 0.2


WEATHER CONDITIONS
 THE FOLLOWING WEATHER WAS RECORDED YESTERDAY.
  NO SIGNIFICANT WEATHER WAS OBSERVED.


RELATIVE HUMIDITY (PERCENT)
 HIGHEST    89           400 AM
 LOWEST     11           200 PM
 AVERAGE    50

..........................................................


THE ALAMOSA CO CLIMATE NORMALS FOR TODAY
                         NORMAL    RECORD    YEAR
 MAXIMUM TEMPERATURE (F)   70        87      2005
 MINIMUM TEMPERATURE (F)   35        20      1960


SUNRISE AND SUNSET
MAY 20 2018...........SUNRISE   550 AM MDT   SUNSET   810 PM MDT
MAY 21 2018...........SUNRISE   550 AM MDT   SUNSET   811 PM MDT


-  INDICATES NEGATIVE NUMBERS.
R  INDICATES RECORD WAS SET OR TIED.
MM INDICATES DATA IS MISSING.
T  INDICATES TRACE AMOUNT.




$$
