000
CDUS45 KPUB 131043
CLIALS


CLIMATE REPORT
NATIONAL WEATHER SERVICE PUEBLO
443 AM MDT SUN MAY 13 2018


...................................

...THE ALAMOSA CO CLIMATE SUMMARY FOR MAY 12 2018...

CLIMATE NORMAL PERIOD 1981 TO 2010
CLIMATE RECORD PERIOD 1932 TO 2018


WEATHER ITEM   OBSERVED TIME   RECORD YEAR NORMAL DEPARTURE LAST
                VALUE   (LST)  VALUE       VALUE  FROM      YEAR
                                                  NORMAL
..................................................................
TEMPERATURE (F)
 YESTERDAY
  MAXIMUM         78    245 PM  82    1984  68     10       71
  MINIMUM         43    446 AM  17    1953  33     10       34
  AVERAGE         61                        50     11       53

PRECIPITATION (IN)
  YESTERDAY        0.00          0.33 1965   0.02  -0.02     0.00
  MONTH TO DATE    T                         0.25  -0.25     1.23
  SINCE MAR 1      0.35                      1.37  -1.02     2.59
  SINCE JAN 1      0.66                      1.89  -1.23     4.24

SNOWFALL (IN)
  YESTERDAY        0.0           0.7  1982   0.1   -0.1      0.0
  MONTH TO DATE    0.0                       0.7   -0.7      1.1
  SINCE MAR 1      2.1                       9.3   -7.2      6.7
  SINCE JUL 1      9.1                      27.4  -18.3     42.2
  SNOW DEPTH       0

DEGREE DAYS
 HEATING
  YESTERDAY        4                        15    -11       12
  MONTH TO DATE  144                       198    -54      181
  SINCE MAR 1   1679                      1869   -190     1556
  SINCE JUL 1   6954                      8198  -1244     7345

 COOLING
  YESTERDAY        0                         0      0        0
  MONTH TO DATE    0                         0      0        0
  SINCE MAR 1      0                         0      0        0
  SINCE JAN 1      0                         0      0        0
..................................................................


WIND (MPH)
  HIGHEST WIND SPEED    32   HIGHEST WIND DIRECTION    SW (230)
  HIGHEST GUST SPEED    45   HIGHEST GUST DIRECTION     S (200)
  AVERAGE WIND SPEED    15.3


SKY COVER
  POSSIBLE SUNSHINE  MM
  AVERAGE SKY COVER 0.0


WEATHER CONDITIONS
 THE FOLLOWING WEATHER WAS RECORDED YESTERDAY.
  NO SIGNIFICANT WEATHER WAS OBSERVED.


RELATIVE HUMIDITY (PERCENT)
 HIGHEST    49           500 AM
 LOWEST     10           100 PM
 AVERAGE    30

..........................................................


THE ALAMOSA CO CLIMATE NORMALS FOR TODAY
                         NORMAL    RECORD    YEAR
 MAXIMUM TEMPERATURE (F)   68        84      1996
 MINIMUM TEMPERATURE (F)   33        18      1933


SUNRISE AND SUNSET
MAY 13 2018...........SUNRISE   556 AM MDT   SUNSET   804 PM MDT
MAY 14 2018...........SUNRISE   555 AM MDT   SUNSET   805 PM MDT


-  INDICATES NEGATIVE NUMBERS.
R  INDICATES RECORD WAS SET OR TIED.
MM INDICATES DATA IS MISSING.
T  INDICATES TRACE AMOUNT.




$$
