109
CDUS45 KPUB 180019
CLIALS


CLIMATE REPORT
NATIONAL WEATHER SERVICE PUEBLO
619 PM MDT THU MAY 17 2018


...................................

...THE ALAMOSA CO CLIMATE SUMMARY FOR MAY 17 2018...
VALID TODAY AS OF 0500 PM LOCAL TIME.

CLIMATE NORMAL PERIOD 1981 TO 2010
CLIMATE RECORD PERIOD 1932 TO 2018


WEATHER ITEM   OBSERVED TIME   RECORD YEAR NORMAL DEPARTURE LAST
                VALUE   (LST)  VALUE       VALUE  FROM      YEAR
                                                  NORMAL
..................................................................
TEMPERATURE (F)
 TODAY
  MAXIMUM         79    211 PM  82    2003  69     10       59
  MINIMUM         31    358 AM  20    1943  34     -3       31
  AVERAGE         55                        52      3       45

PRECIPITATION (IN)
  TODAY            0.00          0.51 1952   0.02  -0.02     0.00
  MONTH TO DATE    T                         0.34  -0.34     1.23
  SINCE MAR 1      0.35                      1.46  -1.11     2.59
  SINCE JAN 1      0.66                      1.98  -1.32     4.24

SNOWFALL (IN)
  TODAY            0.0           4.7  1952   0.0    0.0      0.0
  MONTH TO DATE    0.0                       0.8   -0.8      1.1
  SINCE MAR 1      2.1                       9.4   -7.3      6.7
  SINCE JUL 1      9.1                      27.5  -18.4     42.2
  SNOW DEPTH       0

DEGREE DAYS
 HEATING
  TODAY           10                        13     -3       20
  MONTH TO DATE  200                       268    -68      245
  SINCE MAR 1   1735                      1939   -204     1620
  SINCE JUL 1   7010                      8268  -1258     7409

 COOLING
  TODAY            0                         0      0        0
  MONTH TO DATE    0                         0      0        0
  SINCE MAR 1      0                         0      0        0
  SINCE JAN 1      0                         0      0        0
..................................................................


WIND (MPH)
  HIGHEST WIND SPEED    31   HIGHEST WIND DIRECTION    SW (210)
  HIGHEST GUST SPEED    43   HIGHEST GUST DIRECTION     S (190)
  AVERAGE WIND SPEED    12.4


SKY COVER
  POSSIBLE SUNSHINE  MM
  AVERAGE SKY COVER 0.0


WEATHER CONDITIONS
 THE FOLLOWING WEATHER WAS RECORDED TODAY.
  NO SIGNIFICANT WEATHER WAS OBSERVED.


RELATIVE HUMIDITY (PERCENT)
 HIGHEST    59           400 AM
 LOWEST      5           400 PM
 AVERAGE    32

..........................................................


THE ALAMOSA CO CLIMATE NORMALS FOR TOMORROW
                         NORMAL    RECORD    YEAR
 MAXIMUM TEMPERATURE (F)   70        85      1970
 MINIMUM TEMPERATURE (F)   34        21      2000
                                             1978


SUNRISE AND SUNSET
MAY 17 2018...........SUNRISE   553 AM MDT   SUNSET   807 PM MDT
MAY 18 2018...........SUNRISE   552 AM MDT   SUNSET   808 PM MDT


-  INDICATES NEGATIVE NUMBERS.
R  INDICATES RECORD WAS SET OR TIED.
MM INDICATES DATA IS MISSING.
T  INDICATES TRACE AMOUNT.




$$
