000
CDUS45 KPUB 181037
CLIALS


CLIMATE REPORT
NATIONAL WEATHER SERVICE PUEBLO
437 AM MDT WED APR 18 2018


...................................

...THE ALAMOSA CO CLIMATE SUMMARY FOR APRIL 17 2018...

CLIMATE NORMAL PERIOD 1981 TO 2010
CLIMATE RECORD PERIOD 1932 TO 2018


WEATHER ITEM   OBSERVED TIME   RECORD YEAR NORMAL DEPARTURE LAST
                VALUE   (LST)  VALUE       VALUE  FROM      YEAR
                                                  NORMAL
..................................................................
TEMPERATURE (F)
 YESTERDAY
  MAXIMUM         59   1201 PM  74    1954  60     -1       73
                                      1948
  MINIMUM         29   1159 PM   3    1999  25      4       24
  AVERAGE         44                        42      2       49

PRECIPITATION (IN)
  YESTERDAY        0.00          0.45 2010   0.03  -0.03     0.00
  MONTH TO DATE    0.10                      0.32  -0.22     0.35
  SINCE MAR 1      0.25                      0.85  -0.60     1.08
  SINCE JAN 1      0.56                      1.37  -0.81     2.73

SNOWFALL (IN)
  YESTERDAY        0.0           3.3  2008   0.1   -0.1      0.0
  MONTH TO DATE    T                         2.3   -2.3      3.2
  SINCE MAR 1      1.8                       7.3   -5.5      3.9
  SINCE JUL 1      8.8                      25.4  -16.6     39.4
  SNOW DEPTH       0

DEGREE DAYS
 HEATING
  YESTERDAY       21                        23     -2       16
  MONTH TO DATE  352                       426    -74      355
  SINCE MAR 1   1288                      1403   -115     1094
  SINCE JUL 1   6563                      7732  -1169     6883

 COOLING
  YESTERDAY        0                         0      0        0
  MONTH TO DATE    0                         0      0        0
  SINCE MAR 1      0                         0      0        0
  SINCE JAN 1      0                         0      0        0
..................................................................


WIND (MPH)
  HIGHEST WIND SPEED    53   HIGHEST WIND DIRECTION    SW (230)
  HIGHEST GUST SPEED    68   HIGHEST GUST DIRECTION    SW (230)
  AVERAGE WIND SPEED    25.6


SKY COVER
  POSSIBLE SUNSHINE  MM
  AVERAGE SKY COVER 0.2


WEATHER CONDITIONS
 THE FOLLOWING WEATHER WAS RECORDED YESTERDAY.
  LIGHT RAIN
  HAZE


RELATIVE HUMIDITY (PERCENT)
 HIGHEST    40          1200 AM
 LOWEST      9          1200 PM
 AVERAGE    25

..........................................................


THE ALAMOSA CO CLIMATE NORMALS FOR TODAY
                         NORMAL    RECORD    YEAR
 MAXIMUM TEMPERATURE (F)   60        74      2017
                                             2001
 MINIMUM TEMPERATURE (F)   25         8      2013


SUNRISE AND SUNSET
APRIL 18 2018.........SUNRISE   625 AM MDT   SUNSET   742 PM MDT
APRIL 19 2018.........SUNRISE   623 AM MDT   SUNSET   743 PM MDT


-  INDICATES NEGATIVE NUMBERS.
R  INDICATES RECORD WAS SET OR TIED.
MM INDICATES DATA IS MISSING.
T  INDICATES TRACE AMOUNT.




$$
