000
CDUS45 KPUB 082329
CLIALS


CLIMATE REPORT
NATIONAL WEATHER SERVICE PUEBLO
529 PM MDT SUN APR 8 2018


...................................

...THE ALAMOSA CO CLIMATE SUMMARY FOR APRIL 8 2018...
VALID TODAY AS OF 0500 PM LOCAL TIME.

CLIMATE NORMAL PERIOD 1981 TO 2010
CLIMATE RECORD PERIOD 1932 TO 2018


WEATHER ITEM   OBSERVED TIME   RECORD YEAR NORMAL DEPARTURE LAST
                VALUE   (LST)  VALUE       VALUE  FROM      YEAR
                                                  NORMAL
..................................................................
TEMPERATURE (F)
 TODAY
  MAXIMUM         62    327 PM  74    1989  57      5       66
  MINIMUM         41    317 AM  -6    1973  22     19       40
  AVERAGE         52                        40     12       53

PRECIPITATION (IN)
  TODAY            0.09          0.40 1958   0.01   0.08     0.00
  MONTH TO DATE    0.10                      0.15  -0.05     0.35
  SINCE MAR 1      0.25                      0.68  -0.43     1.08
  SINCE JAN 1      0.56                      1.20  -0.64     2.73

SNOWFALL (IN)
  TODAY            0.0           5.0  1937   0.1   -0.1      0.0
  MONTH TO DATE    0.0                       1.2   -1.2      3.2
  SINCE MAR 1      1.8                       6.2   -4.4      3.9
  SINCE JUL 1      8.8                      24.3  -15.5     39.4
  SNOW DEPTH       0

DEGREE DAYS
 HEATING
  TODAY           13                        25    -12       12
  MONTH TO DATE  147                       210    -63      192
  SINCE MAR 1   1083                      1187   -104      931
  SINCE JUL 1   6358                      7516  -1158     6720

 COOLING
  TODAY            0                         0      0        0
  MONTH TO DATE    0                         0      0        0
  SINCE MAR 1      0                         0      0        0
  SINCE JAN 1      0                         0      0        0
..................................................................


WIND (MPH)
  HIGHEST WIND SPEED    29   HIGHEST WIND DIRECTION     W (290)
  HIGHEST GUST SPEED    37   HIGHEST GUST DIRECTION     W (290)
  AVERAGE WIND SPEED    12.3


SKY COVER
  POSSIBLE SUNSHINE  MM
  AVERAGE SKY COVER 0.7


WEATHER CONDITIONS
 THE FOLLOWING WEATHER WAS RECORDED TODAY.
  RAIN
  LIGHT RAIN
  FOG


RELATIVE HUMIDITY (PERCENT)
 HIGHEST    96           400 AM
 LOWEST     15           200 PM
 AVERAGE    56

..........................................................


THE ALAMOSA CO CLIMATE NORMALS FOR TOMORROW
                         NORMAL    RECORD    YEAR
 MAXIMUM TEMPERATURE (F)   57        72      1977
 MINIMUM TEMPERATURE (F)   22         7      1938


SUNRISE AND SUNSET
APRIL  8 2018.........SUNRISE   639 AM MDT   SUNSET   733 PM MDT
APRIL  9 2018.........SUNRISE   637 AM MDT   SUNSET   733 PM MDT


-  INDICATES NEGATIVE NUMBERS.
R  INDICATES RECORD WAS SET OR TIED.
MM INDICATES DATA IS MISSING.
T  INDICATES TRACE AMOUNT.




$$
