000
CDUS45 KPUB 111028
CLIALS


CLIMATE REPORT
NATIONAL WEATHER SERVICE PUEBLO
427 AM MDT WED APR 11 2018


...................................

...THE ALAMOSA CO CLIMATE SUMMARY FOR APRIL 10 2018...

CLIMATE NORMAL PERIOD 1981 TO 2010
CLIMATE RECORD PERIOD 1932 TO 2018


WEATHER ITEM   OBSERVED TIME   RECORD YEAR NORMAL DEPARTURE LAST
                VALUE   (LST)  VALUE       VALUE  FROM      YEAR
                                                  NORMAL
..................................................................
TEMPERATURE (F)
 YESTERDAY
  MAXIMUM         65    541 PM  75    2012  58      7       58
  MINIMUM         18    602 AM   9    1959  23     -5       16
                                      1951
  AVERAGE         42                        40      2       37

PRECIPITATION (IN)
  YESTERDAY        0.00          0.45 2005   0.02  -0.02     0.00
  MONTH TO DATE    0.10                      0.19  -0.09     0.35
  SINCE MAR 1      0.25                      0.72  -0.47     1.08
  SINCE JAN 1      0.56                      1.24  -0.68     2.73

SNOWFALL (IN)
  YESTERDAY        0.0           3.7  2005   0.1   -0.1      0.0
  MONTH TO DATE    0.0                       1.5   -1.5      3.2
  SINCE MAR 1      1.8                       6.5   -4.7      3.9
  SINCE JUL 1      8.8                      24.6  -15.8     39.4
  SNOW DEPTH       0

DEGREE DAYS
 HEATING
  YESTERDAY       23                        25     -2       28
  MONTH TO DATE  205                       260    -55      241
  SINCE MAR 1   1141                      1237    -96      980
  SINCE JUL 1   6416                      7566  -1150     6769

 COOLING
  YESTERDAY        0                         0      0        0
  MONTH TO DATE    0                         0      0        0
  SINCE MAR 1      0                         0      0        0
  SINCE JAN 1      0                         0      0        0
..................................................................


WIND (MPH)
  HIGHEST WIND SPEED    25   HIGHEST WIND DIRECTION    SW (240)
  HIGHEST GUST SPEED    32   HIGHEST GUST DIRECTION    SW (240)
  AVERAGE WIND SPEED     5.5


SKY COVER
  POSSIBLE SUNSHINE  MM
  AVERAGE SKY COVER 0.0


WEATHER CONDITIONS
 THE FOLLOWING WEATHER WAS RECORDED YESTERDAY.
  NO SIGNIFICANT WEATHER WAS OBSERVED.


RELATIVE HUMIDITY (PERCENT)
 HIGHEST    80           600 AM
 LOWEST     13           100 PM
 AVERAGE    47

..........................................................


THE ALAMOSA CO CLIMATE NORMALS FOR TODAY
                         NORMAL    RECORD    YEAR
 MAXIMUM TEMPERATURE (F)   58        73      2012
                                             1971
                                             1934
 MINIMUM TEMPERATURE (F)   23         2      1951


SUNRISE AND SUNSET
APRIL 11 2018.........SUNRISE   634 AM MDT   SUNSET   735 PM MDT
APRIL 12 2018.........SUNRISE   633 AM MDT   SUNSET   736 PM MDT


-  INDICATES NEGATIVE NUMBERS.
R  INDICATES RECORD WAS SET OR TIED.
MM INDICATES DATA IS MISSING.
T  INDICATES TRACE AMOUNT.




$$
