814
CDUS45 KPUB 161031
CLIALS


CLIMATE REPORT
NATIONAL WEATHER SERVICE PUEBLO
431 AM MDT MON APR 16 2018


...................................

...THE ALAMOSA CO CLIMATE SUMMARY FOR APRIL 15 2018...

CLIMATE NORMAL PERIOD 1981 TO 2010
CLIMATE RECORD PERIOD 1932 TO 2018


WEATHER ITEM   OBSERVED TIME   RECORD YEAR NORMAL DEPARTURE LAST
                VALUE   (LST)  VALUE       VALUE  FROM      YEAR
                                                  NORMAL
..................................................................
TEMPERATURE (F)
 YESTERDAY
  MAXIMUM         63    419 PM  76    1937  59      4       69
  MINIMUM         18    544 AM  10    1974  24     -6       27
                                      1944
  AVERAGE         41                        42     -1       48

PRECIPITATION (IN)
  YESTERDAY        0.00          1.45 1938   0.01  -0.01     0.00
  MONTH TO DATE    0.10                      0.27  -0.17     0.35
  SINCE MAR 1      0.25                      0.80  -0.55     1.08
  SINCE JAN 1      0.56                      1.32  -0.76     2.73

SNOWFALL (IN)
  YESTERDAY        0.0          15.0  1938   0.1   -0.1      0.0
  MONTH TO DATE    T                         2.0   -2.0      3.2
  SINCE MAR 1      1.8                       7.0   -5.2      3.9
  SINCE JUL 1      8.8                      25.1  -16.3     39.4
  SNOW DEPTH       0

DEGREE DAYS
 HEATING
  YESTERDAY       24                        23      1       17
  MONTH TO DATE  315                       380    -65      322
  SINCE MAR 1   1251                      1357   -106     1061
  SINCE JUL 1   6526                      7686  -1160     6850

 COOLING
  YESTERDAY        0                         0      0        0
  MONTH TO DATE    0                         0      0        0
  SINCE MAR 1      0                         0      0        0
  SINCE JAN 1      0                         0      0        0
..................................................................


WIND (MPH)
  HIGHEST WIND SPEED    18   HIGHEST WIND DIRECTION    SW (240)
  HIGHEST GUST SPEED    22   HIGHEST GUST DIRECTION     W (280)
  AVERAGE WIND SPEED     7.2


SKY COVER
  POSSIBLE SUNSHINE  MM
  AVERAGE SKY COVER 0.0


WEATHER CONDITIONS
 THE FOLLOWING WEATHER WAS RECORDED YESTERDAY.
  NO SIGNIFICANT WEATHER WAS OBSERVED.


RELATIVE HUMIDITY (PERCENT)
 HIGHEST    52           400 AM
 LOWEST     14           500 PM
 AVERAGE    33

..........................................................


THE ALAMOSA CO CLIMATE NORMALS FOR TODAY
                         NORMAL    RECORD    YEAR
 MAXIMUM TEMPERATURE (F)   59        75      1962
 MINIMUM TEMPERATURE (F)   24         4      1999


SUNRISE AND SUNSET
APRIL 16 2018.........SUNRISE   627 AM MDT   SUNSET   740 PM MDT
APRIL 17 2018.........SUNRISE   626 AM MDT   SUNSET   741 PM MDT


-  INDICATES NEGATIVE NUMBERS.
R  INDICATES RECORD WAS SET OR TIED.
MM INDICATES DATA IS MISSING.
T  INDICATES TRACE AMOUNT.




$$
