000
CDUS45 KPUB 130035
CLIALS


CLIMATE REPORT
NATIONAL WEATHER SERVICE PUEBLO
635 PM MDT THU APR 12 2018


...................................

...THE ALAMOSA CO CLIMATE SUMMARY FOR APRIL 12 2018...
VALID TODAY AS OF 0500 PM LOCAL TIME.

CLIMATE NORMAL PERIOD 1981 TO 2010
CLIMATE RECORD PERIOD 1932 TO 2018


WEATHER ITEM   OBSERVED TIME   RECORD YEAR NORMAL DEPARTURE LAST
                VALUE   (LST)  VALUE       VALUE  FROM      YEAR
                                                  NORMAL
..................................................................
TEMPERATURE (F)
 TODAY
  MAXIMUM         68   1219 PM  73    2006  58     10       70
  MINIMUM         40   1203 AM   5    1997  23     17       27
  AVERAGE         54                        41     13       49

PRECIPITATION (IN)
  TODAY            0.00          0.66 1987   0.01  -0.01     0.00
  MONTH TO DATE    0.10                      0.22  -0.12     0.35
  SINCE MAR 1      0.25                      0.75  -0.50     1.08
  SINCE JAN 1      0.56                      1.27  -0.71     2.73

SNOWFALL (IN)
  TODAY            0.0           7.1  2009   0.1   -0.1      0.0
  MONTH TO DATE    0.0                       1.7   -1.7      3.2
  SINCE MAR 1      1.8                       6.7   -4.9      3.9
  SINCE JUL 1      8.8                      24.8  -16.0     39.4
  SNOW DEPTH       0

DEGREE DAYS
 HEATING
  TODAY           11                        24    -13       16
  MONTH TO DATE  232                       309    -77      278
  SINCE MAR 1   1168                      1286   -118     1017
  SINCE JUL 1   6443                      7615  -1172     6806

 COOLING
  TODAY            0                         0      0        0
  MONTH TO DATE    0                         0      0        0
  SINCE MAR 1      0                         0      0        0
  SINCE JAN 1      0                         0      0        0
..................................................................


WIND (MPH)
  HIGHEST WIND SPEED    44   HIGHEST WIND DIRECTION    SW (240)
  HIGHEST GUST SPEED    55   HIGHEST GUST DIRECTION    SW (210)
  AVERAGE WIND SPEED    21.3


SKY COVER
  POSSIBLE SUNSHINE  MM
  AVERAGE SKY COVER 0.1


WEATHER CONDITIONS
 THE FOLLOWING WEATHER WAS RECORDED TODAY.
  HAZE


RELATIVE HUMIDITY (PERCENT)
 HIGHEST    34          1200 AM
 LOWEST     12          1200 PM
 AVERAGE    23

..........................................................


THE ALAMOSA CO CLIMATE NORMALS FOR TOMORROW
                         NORMAL    RECORD    YEAR
 MAXIMUM TEMPERATURE (F)   59        75      2006
 MINIMUM TEMPERATURE (F)   24         6      2007


SUNRISE AND SUNSET
APRIL 12 2018.........SUNRISE   633 AM MDT   SUNSET   736 PM MDT
APRIL 13 2018.........SUNRISE   631 AM MDT   SUNSET   737 PM MDT


-  INDICATES NEGATIVE NUMBERS.
R  INDICATES RECORD WAS SET OR TIED.
MM INDICATES DATA IS MISSING.
T  INDICATES TRACE AMOUNT.




$$
