000
CDUS45 KPUB 102322
CLIALS


CLIMATE REPORT
NATIONAL WEATHER SERVICE PUEBLO
521 PM MDT THU MAY 10 2018


...................................

...THE ALAMOSA CO CLIMATE SUMMARY FOR MAY 10 2018...
VALID TODAY AS OF 0500 PM LOCAL TIME.

CLIMATE NORMAL PERIOD 1981 TO 2010
CLIMATE RECORD PERIOD 1932 TO 2018


WEATHER ITEM   OBSERVED TIME   RECORD YEAR NORMAL DEPARTURE LAST
                VALUE   (LST)  VALUE       VALUE  FROM      YEAR
                                                  NORMAL
..................................................................
TEMPERATURE (F)
 TODAY
  MAXIMUM         82R   206 PM  78    2009  67     15       60
                                      2004
                                      2000
  MINIMUM         33    505 AM  17    1948  32      1       30
  AVERAGE         58                        50      8       45

PRECIPITATION (IN)
  TODAY            0.00          0.70 2017   0.02  -0.02     0.70
  MONTH TO DATE    T                         0.20  -0.20     1.23
  SINCE MAR 1      0.35                      1.32  -0.97     2.59
  SINCE JAN 1      0.66                      1.84  -1.18     4.24

SNOWFALL (IN)
  TODAY            0.0           1.0  1992   0.1   -0.1      0.8
  MONTH TO DATE    0.0                       0.6   -0.6      0.8
  SINCE MAR 1      2.1                       9.2   -7.1      6.4
  SINCE JUL 1      9.1                      27.3  -18.2     41.9
  SNOW DEPTH       0

DEGREE DAYS
 HEATING
  TODAY            7                        15     -8       20
  MONTH TO DATE  135                       168    -33      153
  SINCE MAR 1   1670                      1839   -169     1528
  SINCE JUL 1   6945                      8168  -1223     7317

 COOLING
  TODAY            0                         0      0        0
  MONTH TO DATE    0                         0      0        0
  SINCE MAR 1      0                         0      0        0
  SINCE JAN 1      0                         0      0        0
..................................................................


WIND (MPH)
  HIGHEST WIND SPEED    30   HIGHEST WIND DIRECTION    SW (220)
  HIGHEST GUST SPEED    45   HIGHEST GUST DIRECTION    SW (230)
  AVERAGE WIND SPEED     9.4


SKY COVER
  POSSIBLE SUNSHINE  MM
  AVERAGE SKY COVER 0.0


WEATHER CONDITIONS
 THE FOLLOWING WEATHER WAS RECORDED TODAY.
  NO SIGNIFICANT WEATHER WAS OBSERVED.


RELATIVE HUMIDITY (PERCENT)
 HIGHEST    76           300 AM
 LOWEST      8          1200 PM
 AVERAGE    42

..........................................................


THE ALAMOSA CO CLIMATE NORMALS FOR TOMORROW
                         NORMAL    RECORD    YEAR
 MAXIMUM TEMPERATURE (F)   68        80      1984
 MINIMUM TEMPERATURE (F)   32        14      2003


SUNRISE AND SUNSET
MAY 10 2018...........SUNRISE   559 AM MDT   SUNSET   801 PM MDT
MAY 11 2018...........SUNRISE   558 AM MDT   SUNSET   802 PM MDT


-  INDICATES NEGATIVE NUMBERS.
R  INDICATES RECORD WAS SET OR TIED.
MM INDICATES DATA IS MISSING.
T  INDICATES TRACE AMOUNT.




$$
