000
CDUS45 KPUB 071035
CLIALS


CLIMATE REPORT
NATIONAL WEATHER SERVICE PUEBLO
435 AM MDT SAT APR 7 2018


...................................

...THE ALAMOSA CO CLIMATE SUMMARY FOR APRIL 6 2018...

CLIMATE NORMAL PERIOD 1981 TO 2010
CLIMATE RECORD PERIOD 1932 TO 2018


WEATHER ITEM   OBSERVED TIME   RECORD YEAR NORMAL DEPARTURE LAST
                VALUE   (LST)  VALUE       VALUE  FROM      YEAR
                                                  NORMAL
..................................................................
TEMPERATURE (F)
 YESTERDAY
  MAXIMUM         64   1204 PM  76    1991  56      8       60
  MINIMUM         30    603 AM   2    1936  22      8       21
  AVERAGE         47                        39      8       41

PRECIPITATION (IN)
  YESTERDAY        0.00          0.21 1936   0.02  -0.02     0.00
  MONTH TO DATE    0.00                      0.12  -0.12     0.35
  SINCE MAR 1      0.15                      0.65  -0.50     1.08
  SINCE JAN 1      0.46                      1.17  -0.71     2.73

SNOWFALL (IN)
  YESTERDAY        0.0           4.0  1939   0.1   -0.1      0.0
                                      1936
  MONTH TO DATE    0.0                       0.9   -0.9      3.2
  SINCE MAR 1      1.8                       5.9   -4.1      3.9
  SINCE JUL 1      8.8                      24.0  -15.2     39.4
  SNOW DEPTH       0

DEGREE DAYS
 HEATING
  YESTERDAY       18                        26     -8       24
  MONTH TO DATE  122                       159    -37      164
  SINCE MAR 1   1058                      1136    -78      903
  SINCE JUL 1   6333                      7465  -1132     6692

 COOLING
  YESTERDAY        0                         0      0        0
  MONTH TO DATE    0                         0      0        0
  SINCE MAR 1      0                         0      0        0
  SINCE JAN 1      0                         0      0        0
..................................................................


WIND (MPH)
  HIGHEST WIND SPEED    21   HIGHEST WIND DIRECTION    SW (230)
  HIGHEST GUST SPEED    24   HIGHEST GUST DIRECTION    SW (240)
  AVERAGE WIND SPEED     6.2


SKY COVER
  POSSIBLE SUNSHINE  MM
  AVERAGE SKY COVER 0.5


WEATHER CONDITIONS
 THE FOLLOWING WEATHER WAS RECORDED YESTERDAY.
  NO SIGNIFICANT WEATHER WAS OBSERVED.


RELATIVE HUMIDITY (PERCENT)
 HIGHEST    64          1000 PM
 LOWEST     22          1200 PM
 AVERAGE    43

..........................................................


THE ALAMOSA CO CLIMATE NORMALS FOR TODAY
                         NORMAL    RECORD    YEAR
 MAXIMUM TEMPERATURE (F)   57        73      1989
                                             1988
 MINIMUM TEMPERATURE (F)   22         2      1938


SUNRISE AND SUNSET
APRIL  7 2018.........SUNRISE   640 AM MDT   SUNSET   732 PM MDT
APRIL  8 2018.........SUNRISE   639 AM MDT   SUNSET   733 PM MDT


-  INDICATES NEGATIVE NUMBERS.
R  INDICATES RECORD WAS SET OR TIED.
MM INDICATES DATA IS MISSING.
T  INDICATES TRACE AMOUNT.




$$
