192
CDUS45 KPUB 170030
CLIALS


CLIMATE REPORT
NATIONAL WEATHER SERVICE PUEBLO
630 PM MDT MON APR 16 2018


...................................

...THE ALAMOSA CO CLIMATE SUMMARY FOR APRIL 16 2018...
VALID TODAY AS OF 0500 PM LOCAL TIME.

CLIMATE NORMAL PERIOD 1981 TO 2010
CLIMATE RECORD PERIOD 1932 TO 2018


WEATHER ITEM   OBSERVED TIME   RECORD YEAR NORMAL DEPARTURE LAST
                VALUE   (LST)  VALUE       VALUE  FROM      YEAR
                                                  NORMAL
..................................................................
TEMPERATURE (F)
 TODAY
  MAXIMUM         69    242 PM  75    1962  59     10       71
  MINIMUM         28    517 AM   4    1999  24      4       24
  AVERAGE         49                        42      7       48

PRECIPITATION (IN)
  TODAY            0.00          0.65 2016   0.02  -0.02     0.00
  MONTH TO DATE    0.10                      0.29  -0.19     0.35
  SINCE MAR 1      0.25                      0.82  -0.57     1.08
  SINCE JAN 1      0.56                      1.34  -0.78     2.73

SNOWFALL (IN)
  TODAY            0.0           7.0  2016   0.2   -0.2      0.0
  MONTH TO DATE    T                         2.2   -2.2      3.2
  SINCE MAR 1      1.8                       7.2   -5.4      3.9
  SINCE JUL 1      8.8                      25.3  -16.5     39.4
  SNOW DEPTH       0

DEGREE DAYS
 HEATING
  TODAY           16                        23     -7       17
  MONTH TO DATE  331                       403    -72      339
  SINCE MAR 1   1267                      1380   -113     1078
  SINCE JUL 1   6542                      7709  -1167     6867

 COOLING
  TODAY            0                         0      0        0
  MONTH TO DATE    0                         0      0        0
  SINCE MAR 1      0                         0      0        0
  SINCE JAN 1      0                         0      0        0
..................................................................


WIND (MPH)
  HIGHEST WIND SPEED    36   HIGHEST WIND DIRECTION    SW (240)
  HIGHEST GUST SPEED    45   HIGHEST GUST DIRECTION    SW (230)
  AVERAGE WIND SPEED    11.8


SKY COVER
  POSSIBLE SUNSHINE  MM
  AVERAGE SKY COVER 0.1


WEATHER CONDITIONS
 THE FOLLOWING WEATHER WAS RECORDED TODAY.
  NO SIGNIFICANT WEATHER WAS OBSERVED.


RELATIVE HUMIDITY (PERCENT)
 HIGHEST    47           300 AM
 LOWEST      7          1100 AM
 AVERAGE    27

..........................................................


THE ALAMOSA CO CLIMATE NORMALS FOR TOMORROW
                         NORMAL    RECORD    YEAR
 MAXIMUM TEMPERATURE (F)   60        74      1954
                                             1948
 MINIMUM TEMPERATURE (F)   25         3      1999


SUNRISE AND SUNSET
APRIL 16 2018.........SUNRISE   627 AM MDT   SUNSET   740 PM MDT
APRIL 17 2018.........SUNRISE   626 AM MDT   SUNSET   741 PM MDT


-  INDICATES NEGATIVE NUMBERS.
R  INDICATES RECORD WAS SET OR TIED.
MM INDICATES DATA IS MISSING.
T  INDICATES TRACE AMOUNT.




$$
