000
CDUS45 KPUB 112327
CLIALS


CLIMATE REPORT
NATIONAL WEATHER SERVICE PUEBLO
527 PM MDT FRI MAY 11 2018


...................................

...THE ALAMOSA CO CLIMATE SUMMARY FOR MAY 11 2018...
VALID TODAY AS OF 0500 PM LOCAL TIME.

CLIMATE NORMAL PERIOD 1981 TO 2010
CLIMATE RECORD PERIOD 1932 TO 2018


WEATHER ITEM   OBSERVED TIME   RECORD YEAR NORMAL DEPARTURE LAST
                VALUE   (LST)  VALUE       VALUE  FROM      YEAR
                                                  NORMAL
..................................................................
TEMPERATURE (F)
 TODAY
  MAXIMUM         77    102 PM  80    1984  68      9       65
  MINIMUM         42    539 AM  14    2003  32     10       32
  AVERAGE         60                        50     10       49

PRECIPITATION (IN)
  TODAY            0.00          0.31 1947   0.03  -0.03      T
  MONTH TO DATE    T                         0.23  -0.23     1.23
  SINCE MAR 1      0.35                      1.35  -1.00     2.59
  SINCE JAN 1      0.66                      1.87  -1.21     4.24

SNOWFALL (IN)
  TODAY            0.0           T    2015   0.0    0.0      0.3
                                      1953
                                      1948
  MONTH TO DATE    0.0                       0.6   -0.6      1.1
  SINCE MAR 1      2.1                       9.2   -7.1      6.7
  SINCE JUL 1      9.1                      27.3  -18.2     42.2
  SNOW DEPTH       0

DEGREE DAYS
 HEATING
  TODAY            5                        15    -10       16
  MONTH TO DATE  140                       183    -43      169
  SINCE MAR 1   1675                      1854   -179     1544
  SINCE JUL 1   6950                      8183  -1233     7333

 COOLING
  TODAY            0                         0      0        0
  MONTH TO DATE    0                         0      0        0
  SINCE MAR 1      0                         0      0        0
  SINCE JAN 1      0                         0      0        0
..................................................................


WIND (MPH)
  HIGHEST WIND SPEED    35   HIGHEST WIND DIRECTION    SW (230)
  HIGHEST GUST SPEED    45   HIGHEST GUST DIRECTION     S (200)
  AVERAGE WIND SPEED    17.1


SKY COVER
  POSSIBLE SUNSHINE  MM
  AVERAGE SKY COVER 0.0


WEATHER CONDITIONS
 THE FOLLOWING WEATHER WAS RECORDED TODAY.
  NO SIGNIFICANT WEATHER WAS OBSERVED.


RELATIVE HUMIDITY (PERCENT)
 HIGHEST    49           400 AM
 LOWEST      9           400 PM
 AVERAGE    29

..........................................................


THE ALAMOSA CO CLIMATE NORMALS FOR TOMORROW
                         NORMAL    RECORD    YEAR
 MAXIMUM TEMPERATURE (F)   68        82      1984
 MINIMUM TEMPERATURE (F)   33        17      1953


SUNRISE AND SUNSET
MAY 11 2018...........SUNRISE   558 AM MDT   SUNSET   802 PM MDT
MAY 12 2018...........SUNRISE   557 AM MDT   SUNSET   803 PM MDT


-  INDICATES NEGATIVE NUMBERS.
R  INDICATES RECORD WAS SET OR TIED.
MM INDICATES DATA IS MISSING.
T  INDICATES TRACE AMOUNT.




$$
