000
CDUS45 KPUB 060025
CLIALS


CLIMATE REPORT
NATIONAL WEATHER SERVICE PUEBLO
625 PM MDT SAT MAY 5 2018


...................................

...THE ALAMOSA CO CLIMATE SUMMARY FOR MAY 5 2018...
VALID TODAY AS OF 0500 PM LOCAL TIME.

CLIMATE NORMAL PERIOD 1981 TO 2010
CLIMATE RECORD PERIOD 1932 TO 2018


WEATHER ITEM   OBSERVED TIME   RECORD YEAR NORMAL DEPARTURE LAST
                VALUE   (LST)  VALUE       VALUE  FROM      YEAR
                                                  NORMAL
..................................................................
TEMPERATURE (F)
 TODAY
  MAXIMUM         71    427 PM  80    2000  66      5       76
                                      1947
  MINIMUM         27    510 AM  17    1991  31     -4       33
  AVERAGE         49                        48      1       55

PRECIPITATION (IN)
  TODAY            0.00          0.58 1978   0.02  -0.02     0.00
  MONTH TO DATE    T                         0.10  -0.10      T
  SINCE MAR 1      0.35                      1.22  -0.87     1.36
  SINCE JAN 1      0.66                      1.74  -1.08     3.01

SNOWFALL (IN)
  TODAY            0.0           7.1  1978   0.0    0.0      0.0
  MONTH TO DATE    0.0                       0.3   -0.3      0.0
  SINCE MAR 1      2.1                       8.9   -6.8      5.6
  SINCE JUL 1      9.1                      27.0  -17.9     41.1
  SNOW DEPTH       0

DEGREE DAYS
 HEATING
  TODAY           16                        17     -1       10
  MONTH TO DATE   94                        88      6       85
  SINCE MAR 1   1629                      1759   -130     1460
  SINCE JUL 1   6904                      8088  -1184     7249

 COOLING
  TODAY            0                         0      0        0
  MONTH TO DATE    0                         0      0        0
  SINCE MAR 1      0                         0      0        0
  SINCE JAN 1      0                         0      0        0
..................................................................


WIND (MPH)
  HIGHEST WIND SPEED    13   HIGHEST WIND DIRECTION     S (200)
  HIGHEST GUST SPEED    19   HIGHEST GUST DIRECTION     S (200)
  AVERAGE WIND SPEED     4.0


SKY COVER
  POSSIBLE SUNSHINE  MM
  AVERAGE SKY COVER 0.0


WEATHER CONDITIONS
 THE FOLLOWING WEATHER WAS RECORDED TODAY.
  NO SIGNIFICANT WEATHER WAS OBSERVED.


RELATIVE HUMIDITY (PERCENT)
 HIGHEST    75           400 AM
 LOWEST     14           400 PM
 AVERAGE    45

..........................................................


THE ALAMOSA CO CLIMATE NORMALS FOR TOMORROW
                         NORMAL    RECORD    YEAR
 MAXIMUM TEMPERATURE (F)   66        80      2009
 MINIMUM TEMPERATURE (F)   31        17      1991
                                             1950


SUNRISE AND SUNSET
MAY  5 2018...........SUNRISE   604 AM MDT   SUNSET   757 PM MDT
MAY  6 2018...........SUNRISE   603 AM MDT   SUNSET   758 PM MDT


-  INDICATES NEGATIVE NUMBERS.
R  INDICATES RECORD WAS SET OR TIED.
MM INDICATES DATA IS MISSING.
T  INDICATES TRACE AMOUNT.




$$
