000
CDUS45 KPUB 200029
CLIALS


CLIMATE REPORT
NATIONAL WEATHER SERVICE PUEBLO
628 PM MDT THU APR 19 2018


...................................

...THE ALAMOSA CO CLIMATE SUMMARY FOR APRIL 19 2018...
VALID TODAY AS OF 0500 PM LOCAL TIME.

CLIMATE NORMAL PERIOD 1981 TO 2010
CLIMATE RECORD PERIOD 1932 TO 2018


WEATHER ITEM   OBSERVED TIME   RECORD YEAR NORMAL DEPARTURE LAST
                VALUE   (LST)  VALUE       VALUE  FROM      YEAR
                                                  NORMAL
..................................................................
TEMPERATURE (F)
 TODAY
  MAXIMUM         67    207 PM  74    1989  60      7       72
                                      1962
  MINIMUM         20    518 AM   6    2013  25     -5       36
  AVERAGE         44                        43      1       54

PRECIPITATION (IN)
  TODAY            0.00          0.68 1947   0.02  -0.02     0.00
  MONTH TO DATE    0.10                      0.36  -0.26     0.35
  SINCE MAR 1      0.25                      0.89  -0.64     1.08
  SINCE JAN 1      0.56                      1.41  -0.85     2.73

SNOWFALL (IN)
  TODAY            0.0           5.2  1947   0.1   -0.1      0.0
  MONTH TO DATE    T                         2.5   -2.5      3.2
  SINCE MAR 1      1.8                       7.5   -5.7      3.9
  SINCE JUL 1      8.8                      25.6  -16.8     39.4
  SNOW DEPTH       0

DEGREE DAYS
 HEATING
  TODAY           21                        22     -1       11
  MONTH TO DATE  402                       471    -69      380
  SINCE MAR 1   1338                      1448   -110     1119
  SINCE JUL 1   6613                      7777  -1164     6908

 COOLING
  TODAY            0                         0      0        0
  MONTH TO DATE    0                         0      0        0
  SINCE MAR 1      0                         0      0        0
  SINCE JAN 1      0                         0      0        0
..................................................................


WIND (MPH)
  HIGHEST WIND SPEED    38   HIGHEST WIND DIRECTION     S (190)
  HIGHEST GUST SPEED    46   HIGHEST GUST DIRECTION     S (190)
  AVERAGE WIND SPEED    15.9


SKY COVER
  POSSIBLE SUNSHINE  MM
  AVERAGE SKY COVER 0.0


WEATHER CONDITIONS
 THE FOLLOWING WEATHER WAS RECORDED TODAY.
  NO SIGNIFICANT WEATHER WAS OBSERVED.


RELATIVE HUMIDITY (PERCENT)
 HIGHEST    55           400 AM
 LOWEST     11           100 PM
 AVERAGE    33

..........................................................


THE ALAMOSA CO CLIMATE NORMALS FOR TOMORROW
                         NORMAL    RECORD    YEAR
 MAXIMUM TEMPERATURE (F)   61        80      1989
 MINIMUM TEMPERATURE (F)   26        11      1982


SUNRISE AND SUNSET
APRIL 19 2018.........SUNRISE   623 AM MDT   SUNSET   743 PM MDT
APRIL 20 2018.........SUNRISE   622 AM MDT   SUNSET   743 PM MDT


-  INDICATES NEGATIVE NUMBERS.
R  INDICATES RECORD WAS SET OR TIED.
MM INDICATES DATA IS MISSING.
T  INDICATES TRACE AMOUNT.




$$
