899
CDUS45 KPUB 192326
CLICOS


CLIMATE REPORT
NATIONAL WEATHER SERVICE PUEBLO
526 PM MDT THU APR 19 2018


...................................

...THE COLORADO SPRINGS CO CLIMATE SUMMARY FOR APRIL 19 2018...
VALID TODAY AS OF 0500 PM LOCAL TIME.

CLIMATE NORMAL PERIOD 1981 TO 2010
CLIMATE RECORD PERIOD 1872 TO 2018


WEATHER ITEM   OBSERVED TIME   RECORD YEAR NORMAL DEPARTURE LAST
                VALUE   (LST)  VALUE       VALUE  FROM      YEAR
                                                  NORMAL
..................................................................
TEMPERATURE (F)
 TODAY
  MAXIMUM         64    359 PM  79    1962  61      3       75
  MINIMUM         30    512 AM  16    1966  34     -4       45
  AVERAGE         47                        47      0       60

PRECIPITATION (IN)
  TODAY            0.00          0.82 1942   0.05  -0.05     0.00
  MONTH TO DATE    0.20                      0.78  -0.58     0.97
  SINCE MAR 1      0.80                      1.78  -0.98     1.41
  SINCE JAN 1      1.36                      2.44  -1.08     1.80

SNOWFALL (IN)
  TODAY            0.0           3.2  1944   0.2   -0.2      0.0
  MONTH TO DATE    0.7                       3.4   -2.7      8.9
  SINCE MAR 1      3.8                      11.5   -7.7     10.9
  SINCE JUL 1     17.0                      35.5  -18.5     24.3
  SNOW DEPTH       0

DEGREE DAYS
 HEATING
  TODAY           18                        18      0        5
  MONTH TO DATE  372                       381     -9      266
  SINCE MAR 1   1055                      1186   -131      826
  SINCE JUL 1   5039                      5749   -710     4579

 COOLING
  TODAY            0                         0      0        0
  MONTH TO DATE    0                         0      0        0
  SINCE MAR 1      0                         0      0        0
  SINCE JAN 1      0                         0      0        0
..................................................................


WIND (MPH)
  HIGHEST WIND SPEED    28   HIGHEST WIND DIRECTION    SE (140)
  HIGHEST GUST SPEED    35   HIGHEST GUST DIRECTION    SE (140)
  AVERAGE WIND SPEED     8.9


SKY COVER
  POSSIBLE SUNSHINE  MM
  AVERAGE SKY COVER 0.4


WEATHER CONDITIONS
 THE FOLLOWING WEATHER WAS RECORDED TODAY.
  NO SIGNIFICANT WEATHER WAS OBSERVED.


RELATIVE HUMIDITY (PERCENT)
 HIGHEST    47           500 AM
 LOWEST     14           400 PM
 AVERAGE    31

..........................................................


THE COLORADO SPRINGS CO CLIMATE NORMALS FOR TOMORROW
                         NORMAL    RECORD    YEAR
 MAXIMUM TEMPERATURE (F)   61        81      1989
 MINIMUM TEMPERATURE (F)   34        13      1966


SUNRISE AND SUNSET
APRIL 19 2018.........SUNRISE   617 AM MDT   SUNSET   740 PM MDT
APRIL 20 2018.........SUNRISE   615 AM MDT   SUNSET   741 PM MDT


-  INDICATES NEGATIVE NUMBERS.
R  INDICATES RECORD WAS SET OR TIED.
MM INDICATES DATA IS MISSING.
T  INDICATES TRACE AMOUNT.




$$
