000
CDUS45 KPUB 142327
CLICOS


CLIMATE REPORT
NATIONAL WEATHER SERVICE PUEBLO
527 PM MDT MON MAY 14 2018


...................................

...THE COLORADO SPRINGS CO CLIMATE SUMMARY FOR MAY 14 2018...
VALID TODAY AS OF 0500 PM LOCAL TIME.

CLIMATE NORMAL PERIOD 1981 TO 2010
CLIMATE RECORD PERIOD 1872 TO 2018


WEATHER ITEM   OBSERVED TIME   RECORD YEAR NORMAL DEPARTURE LAST
                VALUE   (LST)  VALUE       VALUE  FROM      YEAR
                                                  NORMAL
..................................................................
TEMPERATURE (F)
 TODAY
  MAXIMUM         73    353 PM  87    1996  69      4       76
  MINIMUM         51    342 AM  26    1907  42      9       51
  AVERAGE         62                        55      7       64

PRECIPITATION (IN)
  TODAY            0.03          0.90 1928   0.06  -0.03     0.00
  MONTH TO DATE    0.20                      0.81  -0.61     1.17
  SINCE MAR 1      1.88                      3.23  -1.35     3.75
  SINCE JAN 1      2.44                      3.89  -1.45     4.14

SNOWFALL (IN)
  TODAY            T             1.5  1912   0.0    0.0      0.0
  MONTH TO DATE    T                         0.6   -0.6       T
  SINCE MAR 1      8.4                      13.6   -5.2     11.7
  SINCE JUL 1     21.6                      37.6  -16.0     25.1
  SNOW DEPTH       0

DEGREE DAYS
 HEATING
  TODAY            3                        10     -7        1
  MONTH TO DATE   66                       164    -98      125
  SINCE MAR 1   1292                      1523   -231     1166
  SINCE JUL 1   5276                      6086   -810     4919

 COOLING
  TODAY            0                         0      0        0
  MONTH TO DATE    3                         0      3        0
  SINCE MAR 1      3                         1      2        0
  SINCE JAN 1      3                         1      2        0
..................................................................


WIND (MPH)
  HIGHEST WIND SPEED    24   HIGHEST WIND DIRECTION     S (160)
  HIGHEST GUST SPEED    33   HIGHEST GUST DIRECTION     S (160)
  AVERAGE WIND SPEED    11.4


SKY COVER
  POSSIBLE SUNSHINE  MM
  AVERAGE SKY COVER 0.6


WEATHER CONDITIONS
 THE FOLLOWING WEATHER WAS RECORDED TODAY.
  THUNDERSTORM
  HEAVY RAIN
  LIGHT RAIN
  HAIL
  FOG


RELATIVE HUMIDITY (PERCENT)
 HIGHEST    89           300 AM
 LOWEST     31           400 PM
 AVERAGE    60

..........................................................


THE COLORADO SPRINGS CO CLIMATE NORMALS FOR TOMORROW
                         NORMAL    RECORD    YEAR
 MAXIMUM TEMPERATURE (F)   69        87      1996
                                             1978
 MINIMUM TEMPERATURE (F)   43        24      1916


SUNRISE AND SUNSET
MAY 14 2018...........SUNRISE   547 AM MDT   SUNSET   804 PM MDT
MAY 15 2018...........SUNRISE   547 AM MDT   SUNSET   804 PM MDT


-  INDICATES NEGATIVE NUMBERS.
R  INDICATES RECORD WAS SET OR TIED.
MM INDICATES DATA IS MISSING.
T  INDICATES TRACE AMOUNT.




$$
