000
CDUS45 KPUB 102321
CLICOS


CLIMATE REPORT
NATIONAL WEATHER SERVICE PUEBLO
521 PM MDT TUE APR 10 2018


...................................

...THE COLORADO SPRINGS CO CLIMATE SUMMARY FOR APRIL 10 2018...
VALID TODAY AS OF 0500 PM LOCAL TIME.

CLIMATE NORMAL PERIOD 1981 TO 2010
CLIMATE RECORD PERIOD 1872 TO 2018


WEATHER ITEM   OBSERVED TIME   RECORD YEAR NORMAL DEPARTURE LAST
                VALUE   (LST)  VALUE       VALUE  FROM      YEAR
                                                  NORMAL
..................................................................
TEMPERATURE (F)
 TODAY
  MAXIMUM         67    357 PM  81    1960  58      9       58
  MINIMUM         27    453 AM  -3    1959  32     -5       32
  AVERAGE         47                        45      2       45

PRECIPITATION (IN)
  TODAY            0.00          0.71 1979   0.05  -0.05     0.00
  MONTH TO DATE    0.15                      0.36  -0.21     0.95
  SINCE MAR 1      0.75                      1.36  -0.61     1.39
  SINCE JAN 1      1.31                      2.02  -0.71     1.78

SNOWFALL (IN)
  TODAY            0.0           5.2  1913   0.2   -0.2      0.0
  MONTH TO DATE    T                         1.9   -1.9      8.9
  SINCE MAR 1      3.1                      10.0   -6.9     10.9
  SINCE JUL 1     16.3                      34.0  -17.7     24.3
  SNOW DEPTH       0

DEGREE DAYS
 HEATING
  TODAY           18                        20     -2       20
  MONTH TO DATE  223                       212     11      196
  SINCE MAR 1    906                      1017   -111      756
  SINCE JUL 1   4890                      5580   -690     4509

 COOLING
  TODAY            0                         0      0        0
  MONTH TO DATE    0                         0      0        0
  SINCE MAR 1      0                         0      0        0
  SINCE JAN 1      0                         0      0        0
..................................................................


WIND (MPH)
  HIGHEST WIND SPEED    16   HIGHEST WIND DIRECTION    SE (130)
  HIGHEST GUST SPEED    23   HIGHEST GUST DIRECTION    SE (150)
  AVERAGE WIND SPEED     7.7


SKY COVER
  POSSIBLE SUNSHINE  MM
  AVERAGE SKY COVER 0.4


WEATHER CONDITIONS
 THE FOLLOWING WEATHER WAS RECORDED TODAY.
  NO SIGNIFICANT WEATHER WAS OBSERVED.


RELATIVE HUMIDITY (PERCENT)
 HIGHEST    85           300 AM
 LOWEST     15           200 PM
 AVERAGE    50

..........................................................


THE COLORADO SPRINGS CO CLIMATE NORMALS FOR TOMORROW
                         NORMAL    RECORD    YEAR
 MAXIMUM TEMPERATURE (F)   58        80      1982
 MINIMUM TEMPERATURE (F)   32         8      1997
                                             1900


SUNRISE AND SUNSET
APRIL 10 2018.........SUNRISE   630 AM MDT   SUNSET   731 PM MDT
APRIL 11 2018.........SUNRISE   628 AM MDT   SUNSET   732 PM MDT


-  INDICATES NEGATIVE NUMBERS.
R  INDICATES RECORD WAS SET OR TIED.
MM INDICATES DATA IS MISSING.
T  INDICATES TRACE AMOUNT.




$$
