000
CDUS45 KPUB 141031
CLICOS


CLIMATE REPORT
NATIONAL WEATHER SERVICE PUEBLO
431 AM MDT MON MAY 14 2018


...................................

...THE COLORADO SPRINGS CO CLIMATE SUMMARY FOR MAY 13 2018...

CLIMATE NORMAL PERIOD 1981 TO 2010
CLIMATE RECORD PERIOD 1872 TO 2018


WEATHER ITEM   OBSERVED TIME   RECORD YEAR NORMAL DEPARTURE LAST
                VALUE   (LST)  VALUE       VALUE  FROM      YEAR
                                                  NORMAL
..................................................................
TEMPERATURE (F)
 YESTERDAY
  MAXIMUM         77    347 PM  84    1941  68      9       81
  MINIMUM         52    622 AM  24    1953  42     10       43
  AVERAGE         65                        55     10       62

PRECIPITATION (IN)
  YESTERDAY        0.02          0.98 1912   0.06  -0.04     0.00
  MONTH TO DATE    0.17                      0.75  -0.58     1.17
  SINCE MAR 1      1.85                      3.17  -1.32     3.75
  SINCE JAN 1      2.41                      3.83  -1.42     4.14

SNOWFALL (IN)
  YESTERDAY        T             9.0  1912   0.0    0.0      0.0
  MONTH TO DATE    T                         0.6   -0.6       T
  SINCE MAR 1      8.4                      13.6   -5.2     11.7
  SINCE JUL 1     21.6                      37.6  -16.0     25.1
  SNOW DEPTH       0

DEGREE DAYS
 HEATING
  YESTERDAY        0                        10    -10        3
  MONTH TO DATE   63                       154    -91      124
  SINCE MAR 1   1289                      1513   -224     1165
  SINCE JUL 1   5273                      6076   -803     4918

 COOLING
  YESTERDAY        0                         0      0        0
  MONTH TO DATE    3                         0      3        0
  SINCE MAR 1      3                         1      2        0
  SINCE JAN 1      3                         1      2        0
..................................................................


WIND (MPH)
  HIGHEST WIND SPEED    23   HIGHEST WIND DIRECTION     W (260)
  HIGHEST GUST SPEED    30   HIGHEST GUST DIRECTION     W (250)
  AVERAGE WIND SPEED    12.9


SKY COVER
  POSSIBLE SUNSHINE  MM
  AVERAGE SKY COVER 0.7


WEATHER CONDITIONS
 THE FOLLOWING WEATHER WAS RECORDED YESTERDAY.
  THUNDERSTORM
  HEAVY RAIN
  LIGHT RAIN
  HAIL
  FOG
  HAZE


RELATIVE HUMIDITY (PERCENT)
 HIGHEST    96           600 AM
 LOWEST     23           400 PM
 AVERAGE    60

..........................................................


THE COLORADO SPRINGS CO CLIMATE NORMALS FOR TODAY
                         NORMAL    RECORD    YEAR
 MAXIMUM TEMPERATURE (F)   69        87      1996
 MINIMUM TEMPERATURE (F)   42        26      1907


SUNRISE AND SUNSET
MAY 14 2018...........SUNRISE   547 AM MDT   SUNSET   804 PM MDT
MAY 15 2018...........SUNRISE   547 AM MDT   SUNSET   804 PM MDT


-  INDICATES NEGATIVE NUMBERS.
R  INDICATES RECORD WAS SET OR TIED.
MM INDICATES DATA IS MISSING.
T  INDICATES TRACE AMOUNT.




$$
