000
CDUS45 KPUB 202327
CLICOS


CLIMATE REPORT
NATIONAL WEATHER SERVICE PUEBLO
525 PM MDT FRI APR 20 2018


...................................

...THE COLORADO SPRINGS CO CLIMATE SUMMARY FOR APRIL 20 2018...
VALID TODAY AS OF 0500 PM LOCAL TIME.

CLIMATE NORMAL PERIOD 1981 TO 2010
CLIMATE RECORD PERIOD 1872 TO 2018


WEATHER ITEM   OBSERVED TIME   RECORD YEAR NORMAL DEPARTURE LAST
                VALUE   (LST)  VALUE       VALUE  FROM      YEAR
                                                  NORMAL
..................................................................
TEMPERATURE (F)
 TODAY
  MAXIMUM         52   1226 PM  81    1989  61     -9       58
  MINIMUM         37    243 PM  13    1966  34      3       40
  AVERAGE         45                        48     -3       49

PRECIPITATION (IN)
  TODAY            0.09          0.72 1933   0.06   0.03     0.52
  MONTH TO DATE    0.29                      0.84  -0.55     1.49
  SINCE MAR 1      0.89                      1.84  -0.95     1.93
  SINCE JAN 1      1.45                      2.50  -1.05     2.32

SNOWFALL (IN)
  TODAY            T             8.0  1933   0.1   -0.1      0.0
  MONTH TO DATE    0.7                       3.5   -2.8      8.9
  SINCE MAR 1      3.8                      11.6   -7.8     10.9
  SINCE JUL 1     17.0                      35.6  -18.6     24.3
  SNOW DEPTH       0

DEGREE DAYS
 HEATING
  TODAY           20                        17      3       16
  MONTH TO DATE  392                       398     -6      282
  SINCE MAR 1   1075                      1203   -128      842
  SINCE JUL 1   5059                      5766   -707     4595

 COOLING
  TODAY            0                         0      0        0
  MONTH TO DATE    0                         0      0        0
  SINCE MAR 1      0                         0      0        0
  SINCE JAN 1      0                         0      0        0
..................................................................


WIND (MPH)
  HIGHEST WIND SPEED    32   HIGHEST WIND DIRECTION     E (100)
  HIGHEST GUST SPEED    41   HIGHEST GUST DIRECTION     E (110)
  AVERAGE WIND SPEED    15.7


SKY COVER
  POSSIBLE SUNSHINE  MM
  AVERAGE SKY COVER 0.7


WEATHER CONDITIONS
 THE FOLLOWING WEATHER WAS RECORDED TODAY.
  MIXED PRECIP
  RAIN
  LIGHT RAIN
  LIGHT SNOW
  FOG


RELATIVE HUMIDITY (PERCENT)
 HIGHEST    54          1200 PM
 LOWEST     37           200 AM
 AVERAGE    46

..........................................................


THE COLORADO SPRINGS CO CLIMATE NORMALS FOR TOMORROW
                         NORMAL    RECORD    YEAR
 MAXIMUM TEMPERATURE (F)   61        83      1989
 MINIMUM TEMPERATURE (F)   35        12      1907


SUNRISE AND SUNSET
APRIL 20 2018.........SUNRISE   615 AM MDT   SUNSET   741 PM MDT
APRIL 21 2018.........SUNRISE   614 AM MDT   SUNSET   742 PM MDT


-  INDICATES NEGATIVE NUMBERS.
R  INDICATES RECORD WAS SET OR TIED.
MM INDICATES DATA IS MISSING.
T  INDICATES TRACE AMOUNT.




$$
