000
CDUS45 KPUB 121036
CLICOS


CLIMATE REPORT
NATIONAL WEATHER SERVICE PUEBLO
436 AM MDT THU APR 12 2018


...................................

...THE COLORADO SPRINGS CO CLIMATE SUMMARY FOR APRIL 11 2018...

CLIMATE NORMAL PERIOD 1981 TO 2010
CLIMATE RECORD PERIOD 1872 TO 2018


WEATHER ITEM   OBSERVED TIME   RECORD YEAR NORMAL DEPARTURE LAST
                VALUE   (LST)  VALUE       VALUE  FROM      YEAR
                                                  NORMAL
..................................................................
TEMPERATURE (F)
 YESTERDAY
  MAXIMUM         78    440 PM  80    1982  58     20       66
  MINIMUM         40    520 AM   8    1997  32      8       28
                                      1900
  AVERAGE         59                        45     14       47

PRECIPITATION (IN)
  YESTERDAY        0.00          1.39 1901   0.04  -0.04     0.00
  MONTH TO DATE    0.15                      0.40  -0.25     0.95
  SINCE MAR 1      0.75                      1.40  -0.65     1.39
  SINCE JAN 1      1.31                      2.06  -0.75     1.78

SNOWFALL (IN)
  YESTERDAY        0.0          16.0  1901   0.2   -0.2      0.0
  MONTH TO DATE    T                         2.1   -2.1      8.9
  SINCE MAR 1      3.1                      10.2   -7.1     10.9
  SINCE JUL 1     16.3                      34.2  -17.9     24.3
  SNOW DEPTH       0

DEGREE DAYS
 HEATING
  YESTERDAY        6                        20    -14       18
  MONTH TO DATE  229                       232     -3      214
  SINCE MAR 1    912                      1037   -125      774
  SINCE JUL 1   4896                      5600   -704     4527

 COOLING
  YESTERDAY        0                         0      0        0
  MONTH TO DATE    0                         0      0        0
  SINCE MAR 1      0                         0      0        0
  SINCE JAN 1      0                         0      0        0
..................................................................


WIND (MPH)
  HIGHEST WIND SPEED    39   HIGHEST WIND DIRECTION     W (270)
  HIGHEST GUST SPEED    52   HIGHEST GUST DIRECTION     W (270)
  AVERAGE WIND SPEED    12.0


SKY COVER
  POSSIBLE SUNSHINE  MM
  AVERAGE SKY COVER 0.6


WEATHER CONDITIONS
 THE FOLLOWING WEATHER WAS RECORDED YESTERDAY.
  NO SIGNIFICANT WEATHER WAS OBSERVED.


RELATIVE HUMIDITY (PERCENT)
 HIGHEST    45           200 AM
 LOWEST      8           400 PM
 AVERAGE    27

..........................................................


THE COLORADO SPRINGS CO CLIMATE NORMALS FOR TODAY
                         NORMAL    RECORD    YEAR
 MAXIMUM TEMPERATURE (F)   59        77      2010
 MINIMUM TEMPERATURE (F)   32         4      1959


SUNRISE AND SUNSET
APRIL 12 2018.........SUNRISE   627 AM MDT   SUNSET   733 PM MDT
APRIL 13 2018.........SUNRISE   625 AM MDT   SUNSET   734 PM MDT


-  INDICATES NEGATIVE NUMBERS.
R  INDICATES RECORD WAS SET OR TIED.
MM INDICATES DATA IS MISSING.
T  INDICATES TRACE AMOUNT.




$$
