000
CDUS45 KPUB 091034
CLICOS


CLIMATE REPORT
NATIONAL WEATHER SERVICE PUEBLO
434 AM MDT MON APR 9 2018


...................................

...THE COLORADO SPRINGS CO CLIMATE SUMMARY FOR APRIL 8 2018...

CLIMATE NORMAL PERIOD 1981 TO 2010
CLIMATE RECORD PERIOD 1872 TO 2018


WEATHER ITEM   OBSERVED TIME   RECORD YEAR NORMAL DEPARTURE LAST
                VALUE   (LST)  VALUE       VALUE  FROM      YEAR
                                                  NORMAL
..................................................................
TEMPERATURE (F)
 YESTERDAY
  MAXIMUM         65    326 PM  78    1963  58      7       75
  MINIMUM         37    457 AM   0    1957  31      6       49
  AVERAGE         51                        44      7       62

PRECIPITATION (IN)
  YESTERDAY        0.02          0.91 1959   0.03  -0.01     0.00
  MONTH TO DATE    0.12                      0.27  -0.15     0.95
  SINCE MAR 1      0.72                      1.27  -0.55     1.39
  SINCE JAN 1      1.28                      1.93  -0.65     1.78

SNOWFALL (IN)
  YESTERDAY        0.0          11.6  1959   0.1   -0.1      0.0
  MONTH TO DATE    T                         1.5   -1.5      8.9
  SINCE MAR 1      3.1                       9.6   -6.5     10.9
  SINCE JUL 1     16.3                      33.6  -17.3     24.3
  SNOW DEPTH       0

DEGREE DAYS
 HEATING
  YESTERDAY       14                        21     -7        3
  MONTH TO DATE  184                       172     12      164
  SINCE MAR 1    867                       977   -110      724
  SINCE JUL 1   4851                      5540   -689     4477

 COOLING
  YESTERDAY        0                         0      0        0
  MONTH TO DATE    0                         0      0        0
  SINCE MAR 1      0                         0      0        0
  SINCE JAN 1      0                         0      0        0
..................................................................


WIND (MPH)
  HIGHEST WIND SPEED    32   HIGHEST WIND DIRECTION     S (180)
  HIGHEST GUST SPEED    46   HIGHEST GUST DIRECTION    NW (300)
  AVERAGE WIND SPEED    12.7


SKY COVER
  POSSIBLE SUNSHINE  MM
  AVERAGE SKY COVER 0.6


WEATHER CONDITIONS
 THE FOLLOWING WEATHER WAS RECORDED YESTERDAY.
  LIGHT RAIN
  FOG
  FOG W/VISIBILITY <= 1/4 MILE


RELATIVE HUMIDITY (PERCENT)
 HIGHEST    93           200 AM
 LOWEST     14           100 PM
 AVERAGE    54

..........................................................


THE COLORADO SPRINGS CO CLIMATE NORMALS FOR TODAY
                         NORMAL    RECORD    YEAR
 MAXIMUM TEMPERATURE (F)   58        80      1977
 MINIMUM TEMPERATURE (F)   31         5      1959


SUNRISE AND SUNSET
APRIL  9 2018.........SUNRISE   631 AM MDT   SUNSET   730 PM MDT
APRIL 10 2018.........SUNRISE   630 AM MDT   SUNSET   731 PM MDT


-  INDICATES NEGATIVE NUMBERS.
R  INDICATES RECORD WAS SET OR TIED.
MM INDICATES DATA IS MISSING.
T  INDICATES TRACE AMOUNT.




$$
