000
CDUS45 KPUB 110021
CLICOS


CLIMATE REPORT
NATIONAL WEATHER SERVICE PUEBLO
621 PM MDT THU MAY 10 2018


...................................

...THE COLORADO SPRINGS CO CLIMATE SUMMARY FOR MAY 10 2018...
VALID TODAY AS OF 0500 PM LOCAL TIME.

CLIMATE NORMAL PERIOD 1981 TO 2010
CLIMATE RECORD PERIOD 1872 TO 2018


WEATHER ITEM   OBSERVED TIME   RECORD YEAR NORMAL DEPARTURE LAST
                VALUE   (LST)  VALUE       VALUE  FROM      YEAR
                                                  NORMAL
..................................................................
TEMPERATURE (F)
 TODAY
  MAXIMUM         88R   241 PM  85    1962  67     21       65
  MINIMUM         45    508 AM  26    1918  41      4       43
  AVERAGE         67                        54     13       54

PRECIPITATION (IN)
  TODAY            0.00          0.76 1925   0.05  -0.05     0.27
  MONTH TO DATE    0.15                      0.56  -0.41     1.17
  SINCE MAR 1      1.83                      2.98  -1.15     3.75
  SINCE JAN 1      2.39                      3.64  -1.25     4.14

SNOWFALL (IN)
  TODAY            0.0           0.5  2006   0.0    0.0      0.0
  MONTH TO DATE    0.0                       0.5   -0.5       T
  SINCE MAR 1      8.4                      13.5   -5.1     11.7
  SINCE JUL 1     21.6                      37.5  -15.9     25.1
  SNOW DEPTH       0

DEGREE DAYS
 HEATING
  TODAY            0                        11    -11       11
  MONTH TO DATE   61                       123    -62      106
  SINCE MAR 1   1287                      1482   -195     1147
  SINCE JUL 1   5271                      6045   -774     4900

 COOLING
  TODAY            2                         0      2        0
  MONTH TO DATE    3                         0      3        0
  SINCE MAR 1      3                         1      2        0
  SINCE JAN 1      3                         1      2        0
..................................................................


WIND (MPH)
  HIGHEST WIND SPEED    28   HIGHEST WIND DIRECTION     S (170)
  HIGHEST GUST SPEED    42   HIGHEST GUST DIRECTION     W (290)
  AVERAGE WIND SPEED    11.8


SKY COVER
  POSSIBLE SUNSHINE  MM
  AVERAGE SKY COVER 0.4


WEATHER CONDITIONS
 THE FOLLOWING WEATHER WAS RECORDED TODAY.
  NO SIGNIFICANT WEATHER WAS OBSERVED.


RELATIVE HUMIDITY (PERCENT)
 HIGHEST    60           400 AM
 LOWEST     10           300 PM
 AVERAGE    35

..........................................................


THE COLORADO SPRINGS CO CLIMATE NORMALS FOR TOMORROW
                         NORMAL    RECORD    YEAR
 MAXIMUM TEMPERATURE (F)   68        87      1961
 MINIMUM TEMPERATURE (F)   41        25      1946


SUNRISE AND SUNSET
MAY 10 2018...........SUNRISE   551 AM MDT   SUNSET   800 PM MDT
MAY 11 2018...........SUNRISE   550 AM MDT   SUNSET   801 PM MDT


-  INDICATES NEGATIVE NUMBERS.
R  INDICATES RECORD WAS SET OR TIED.
MM INDICATES DATA IS MISSING.
T  INDICATES TRACE AMOUNT.




$$
