000
CDUS45 KPUB 180022
CLICOS


CLIMATE REPORT
NATIONAL WEATHER SERVICE PUEBLO
622 PM MDT TUE APR 17 2018


...................................

...THE COLORADO SPRINGS CO CLIMATE SUMMARY FOR APRIL 17 2018...
VALID TODAY AS OF 0500 PM LOCAL TIME.

CLIMATE NORMAL PERIOD 1981 TO 2010
CLIMATE RECORD PERIOD 1872 TO 2018


WEATHER ITEM   OBSERVED TIME   RECORD YEAR NORMAL DEPARTURE LAST
                VALUE   (LST)  VALUE       VALUE  FROM      YEAR
                                                  NORMAL
..................................................................
TEMPERATURE (F)
 TODAY
  MAXIMUM         69    200 PM  80    1994  60      9       73
  MINIMUM         49    515 AM  12    1901  34     15       44
  AVERAGE         59                        47     12       59

PRECIPITATION (IN)
  TODAY            0.00          0.94 1976   0.05  -0.05     0.02
  MONTH TO DATE    0.20                      0.68  -0.48     0.97
  SINCE MAR 1      0.80                      1.68  -0.88     1.41
  SINCE JAN 1      1.36                      2.34  -0.98     1.80

SNOWFALL (IN)
  TODAY            0.0           9.5  1976   0.2   -0.2      0.0
  MONTH TO DATE    0.7                       3.1   -2.4      8.9
  SINCE MAR 1      3.8                      11.2   -7.4     10.9
  SINCE JUL 1     17.0                      35.2  -18.2     24.3
  SNOW DEPTH       0

DEGREE DAYS
 HEATING
  TODAY            6                        18    -12        6
  MONTH TO DATE  326                       345    -19      256
  SINCE MAR 1   1009                      1150   -141      816
  SINCE JUL 1   4993                      5713   -720     4569

 COOLING
  TODAY            0                         0      0        0
  MONTH TO DATE    0                         0      0        0
  SINCE MAR 1      0                         0      0        0
  SINCE JAN 1      0                         0      0        0
..................................................................


WIND (MPH)
  HIGHEST WIND SPEED    52   HIGHEST WIND DIRECTION    SW (220)
  HIGHEST GUST SPEED    68   HIGHEST GUST DIRECTION    SW (220)
  AVERAGE WIND SPEED    26.5


SKY COVER
  POSSIBLE SUNSHINE  MM
  AVERAGE SKY COVER 0.3


WEATHER CONDITIONS
 THE FOLLOWING WEATHER WAS RECORDED TODAY.
  SANDSTORM


RELATIVE HUMIDITY (PERCENT)
 HIGHEST    22           300 AM
 LOWEST      7          1000 AM
 AVERAGE    15

..........................................................


THE COLORADO SPRINGS CO CLIMATE NORMALS FOR TOMORROW
                         NORMAL    RECORD    YEAR
 MAXIMUM TEMPERATURE (F)   60        80      1987
 MINIMUM TEMPERATURE (F)   34        14      1922


SUNRISE AND SUNSET
APRIL 17 2018.........SUNRISE   620 AM MDT   SUNSET   738 PM MDT
APRIL 18 2018.........SUNRISE   618 AM MDT   SUNSET   739 PM MDT


-  INDICATES NEGATIVE NUMBERS.
R  INDICATES RECORD WAS SET OR TIED.
MM INDICATES DATA IS MISSING.
T  INDICATES TRACE AMOUNT.




$$
