000
CDUS45 KPUB 201055
CLICOS


CLIMATE REPORT
NATIONAL WEATHER SERVICE PUEBLO
455 AM MDT SUN MAY 20 2018


...................................

...THE COLORADO SPRINGS CO CLIMATE SUMMARY FOR MAY 19 2018...

CLIMATE NORMAL PERIOD 1981 TO 2010
CLIMATE RECORD PERIOD 1872 TO 2018


WEATHER ITEM   OBSERVED TIME   RECORD YEAR NORMAL DEPARTURE LAST
                VALUE   (LST)  VALUE       VALUE  FROM      YEAR
                                                  NORMAL
..................................................................
TEMPERATURE (F)
 YESTERDAY
  MAXIMUM         57   1105 AM  88    2009  70    -13       46
  MINIMUM         44   1159 PM  26    1915  44      0       34
  AVERAGE         51                        57     -6       40

PRECIPITATION (IN)
  YESTERDAY        0.06          1.66 2015   0.07  -0.01      T
  MONTH TO DATE    0.29                      1.12  -0.83     2.33
  SINCE MAR 1      1.97                      3.54  -1.57     4.91
  SINCE JAN 1      2.53                      4.20  -1.67     5.30

SNOWFALL (IN)
  YESTERDAY        0.0           2.7  1960   0.0    0.0       T
  MONTH TO DATE    T                         0.7   -0.7      0.1
  SINCE MAR 1      8.4                      13.7   -5.3     11.8
  SINCE JUL 1     21.6                      37.7  -16.1     25.2
  SNOW DEPTH       0

DEGREE DAYS
 HEATING
  YESTERDAY       14                         8      6       25
  MONTH TO DATE   91                       209   -118      183
  SINCE MAR 1   1317                      1568   -251     1224
  SINCE JUL 1   5301                      6131   -830     4977

 COOLING
  YESTERDAY        0                         0      0        0
  MONTH TO DATE    6                         0      6        0
  SINCE MAR 1      6                         1      5        0
  SINCE JAN 1      6                         1      5        0
..................................................................


WIND (MPH)
  HIGHEST WIND SPEED    36   HIGHEST WIND DIRECTION     N (340)
  HIGHEST GUST SPEED    46   HIGHEST GUST DIRECTION     N (350)
  AVERAGE WIND SPEED    16.9


SKY COVER
  POSSIBLE SUNSHINE  MM
  AVERAGE SKY COVER 0.9


WEATHER CONDITIONS
 THE FOLLOWING WEATHER WAS RECORDED YESTERDAY.
  LIGHT RAIN
  FOG


RELATIVE HUMIDITY (PERCENT)
 HIGHEST    86           600 AM
 LOWEST     61          1000 AM
 AVERAGE    74

..........................................................


THE COLORADO SPRINGS CO CLIMATE NORMALS FOR TODAY
                         NORMAL    RECORD    YEAR
 MAXIMUM TEMPERATURE (F)   70        88      2005
                                             1954
 MINIMUM TEMPERATURE (F)   44        27      1915


SUNRISE AND SUNSET
MAY 20 2018...........SUNRISE   542 AM MDT   SUNSET   809 PM MDT
MAY 21 2018...........SUNRISE   542 AM MDT   SUNSET   810 PM MDT


-  INDICATES NEGATIVE NUMBERS.
R  INDICATES RECORD WAS SET OR TIED.
MM INDICATES DATA IS MISSING.
T  INDICATES TRACE AMOUNT.




$$
